--
-- Host: localhost    Database: opd
-- ------------------------------------------------------


--
-- Table structure for table `anak_pejabats`
--

CREATE TABLE `anak_pejabats` (
  `id` bigint unsigned NOT NULL AUTO_INCREMENT,
  `uuid` char(36) COLLATE utf8mb4_unicode_ci NOT NULL,
  `pejabat_tapin_id` bigint unsigned NOT NULL,
  `nama` varchar(255) COLLATE utf8mb4_unicode_ci NOT NULL,
  `created_at` timestamp NULL DEFAULT NULL,
  `updated_at` timestamp NULL DEFAULT NULL,
  PRIMARY KEY (`id`),
  KEY `anak_pejabats_pejabat_tapin_id_foreign` (`pejabat_tapin_id`),
  CONSTRAINT `anak_pejabats_pejabat_tapin_id_foreign` FOREIGN KEY (`pejabat_tapin_id`) REFERENCES `pejabat_tapins` (`id`) ON DELETE CASCADE ON UPDATE CASCADE
) ENGINE=InnoDB AUTO_INCREMENT=2 DEFAULT CHARSET=utf8mb4 COLLATE=utf8mb4_unicode_ci;

--
-- Dumping data for table `anak_pejabats`
--

INSERT INTO `anak_pejabats` VALUES (1,'fe3edf17-5aab-4ee1-b512-a2b7a391f44d',1,'Khairul Anam','2024-08-31 06:12:47','2024-08-31 06:12:47');

--
-- Table structure for table `failed_jobs`
--

CREATE TABLE `failed_jobs` (
  `id` bigint unsigned NOT NULL AUTO_INCREMENT,
  `uuid` varchar(255) COLLATE utf8mb4_unicode_ci NOT NULL,
  `connection` text COLLATE utf8mb4_unicode_ci NOT NULL,
  `queue` text COLLATE utf8mb4_unicode_ci NOT NULL,
  `payload` longtext COLLATE utf8mb4_unicode_ci NOT NULL,
  `exception` longtext COLLATE utf8mb4_unicode_ci NOT NULL,
  `failed_at` timestamp NOT NULL DEFAULT CURRENT_TIMESTAMP,
  PRIMARY KEY (`id`),
  UNIQUE KEY `failed_jobs_uuid_unique` (`uuid`)
) ENGINE=InnoDB DEFAULT CHARSET=utf8mb4 COLLATE=utf8mb4_unicode_ci;

--
-- Dumping data for table `failed_jobs`
--


--
-- Table structure for table `formulations`
--

CREATE TABLE `formulations` (
  `id` bigint unsigned NOT NULL AUTO_INCREMENT,
  `office_id` bigint unsigned NOT NULL,
  `uuid` varchar(255) COLLATE utf8mb4_unicode_ci NOT NULL,
  `name` varchar(255) COLLATE utf8mb4_unicode_ci DEFAULT NULL,
  `nik` varchar(255) COLLATE utf8mb4_unicode_ci NOT NULL,
  `email` varchar(255) COLLATE utf8mb4_unicode_ci NOT NULL,
  `body` longtext COLLATE utf8mb4_unicode_ci NOT NULL,
  `ip` varchar(255) COLLATE utf8mb4_unicode_ci DEFAULT NULL,
  `created_at` timestamp NULL DEFAULT NULL,
  `updated_at` timestamp NULL DEFAULT NULL,
  PRIMARY KEY (`id`),
  UNIQUE KEY `formulations_uuid_unique` (`uuid`),
  KEY `formulations_office_id_foreign` (`office_id`),
  CONSTRAINT `formulations_office_id_foreign` FOREIGN KEY (`office_id`) REFERENCES `offices` (`id`) ON DELETE CASCADE ON UPDATE CASCADE
) ENGINE=InnoDB AUTO_INCREMENT=9 DEFAULT CHARSET=utf8mb4 COLLATE=utf8mb4_unicode_ci;

--
-- Dumping data for table `formulations`
--

INSERT INTO `formulations` VALUES (6,11,'6d7b1c22-92cd-4fd9-9869-81ee5bcd9e2f','fulan','6212032812950004','mirzaarrasyid359@gmail.com','Cek data nik saya ,apakah terdapat/belum di dukcapil murung raya','10.193.168.220','2024-10-05 02:58:22','2024-10-05 02:58:22'),(8,11,'2a19a6e4-6346-491c-a7c1-304ed125c5cc','fulan','6212061008700002','cristintimang@gmail.com','ingin meminta surat kepindahan Kartu penduduk dari Murung Raya ke kota Palangka Raya','10.193.168.220','2024-12-04 05:04:21','2024-12-04 05:04:21');

--
-- Table structure for table `galleries`
--

CREATE TABLE `galleries` (
  `id` bigint unsigned NOT NULL AUTO_INCREMENT,
  `office_id` bigint unsigned NOT NULL,
  `image` text COLLATE utf8mb4_unicode_ci NOT NULL,
  `is_active` int NOT NULL DEFAULT '0',
  `show_tapinkab` int NOT NULL DEFAULT '0',
  `created_at` timestamp NULL DEFAULT NULL,
  `updated_at` timestamp NULL DEFAULT NULL,
  PRIMARY KEY (`id`),
  KEY `galleries_office_id_foreign` (`office_id`),
  CONSTRAINT `galleries_office_id_foreign` FOREIGN KEY (`office_id`) REFERENCES `offices` (`id`) ON DELETE CASCADE ON UPDATE CASCADE
) ENGINE=InnoDB AUTO_INCREMENT=12 DEFAULT CHARSET=utf8mb4 COLLATE=utf8mb4_unicode_ci;

--
-- Dumping data for table `galleries`
--

INSERT INTO `galleries` VALUES (3,11,'assets/disdukcapil/galleries/NmzogmmJQjkiD8YvpFLT5Q8macJsKbgXX9aJtl9I.jpg',0,0,'2024-09-09 08:19:44','2024-09-09 08:25:27'),(4,6,'assets/diskominfo/galleries/o6eXAji7bKv5tKFgmPLeFfQHkQCbiIE0VtxctxWY.jpg',1,0,'2024-09-16 00:35:08','2024-09-16 00:35:10'),(5,6,'assets/diskominfo/galleries/rCyRT8DqkNAoVVMWdxLCHteav5Z3zWumOjzVmFvz.jpg',1,0,'2024-09-16 00:35:18','2024-09-16 00:35:19'),(6,6,'assets/diskominfo/galleries/GTMAi5HjKQlrgMpfE0j3TWbq1RZW2HQNAxs8JENf.jpg',1,0,'2024-09-16 00:36:10','2024-09-16 00:36:30'),(7,6,'assets/diskominfo/galleries/5b3eSNTRrzg0kcsugeDPiM1vyYNiCIjAKzuBKU0M.jpg',1,0,'2024-09-16 00:36:16','2024-09-16 00:36:31'),(8,6,'assets/diskominfo/galleries/bZ0HpWYELsm1oGYt0SCMmF565mGunOaBUjN26F0c.jpg',1,0,'2024-09-16 00:36:20','2024-09-16 00:36:33'),(10,12,'assets/dpmptsp/galleries/kmg77WQ670VNo7VWgBKUGptsRsy9r0PrdcB9eqFS.jpg',1,0,'2024-10-22 02:02:31','2024-10-22 02:02:42'),(11,17,'assets/bpbd/galleries/t3fBZHLQxwQH5l3ishkI3rfKEYB3KN4uBgWswDkS.jpg',1,0,'2024-12-04 06:13:30','2024-12-04 06:13:52');

--
-- Table structure for table `migrations`
--

CREATE TABLE `migrations` (
  `id` int unsigned NOT NULL AUTO_INCREMENT,
  `migration` varchar(255) COLLATE utf8mb4_unicode_ci NOT NULL,
  `batch` int NOT NULL,
  PRIMARY KEY (`id`)
) ENGINE=InnoDB AUTO_INCREMENT=39 DEFAULT CHARSET=utf8mb4 COLLATE=utf8mb4_unicode_ci;

--
-- Dumping data for table `migrations`
--

INSERT INTO `migrations` VALUES (1,'2014_10_12_000000_create_users_table',1),(2,'2014_10_12_100000_create_password_resets_table',1),(3,'2014_10_12_200000_add_two_factor_columns_to_users_table',1),(4,'2019_08_19_000000_create_failed_jobs_table',1),(5,'2019_12_14_000001_create_personal_access_tokens_table',1),(6,'2022_05_25_161329_create_sessions_table',1),(7,'2022_05_26_031732_create_offices_table',1),(8,'2022_05_26_032221_create_sliders_table',1),(9,'2022_05_26_032825_create_post_categories_table',1),(10,'2022_05_26_033045_create_posts_table',1),(11,'2022_05_26_033414_create_video_galleries_table',1),(12,'2022_05_26_033629_create_visi_misis_table',1),(13,'2022_05_26_033859_create_tupoksis_table',1),(14,'2022_05_26_034339_create_sejarah_pembentukans_table',1),(15,'2022_05_26_034505_create_orgranizations_table',1),(16,'2022_05_26_034747_create_formulations_table',1),(17,'2022_05_26_035132_create_themes_table',1),(18,'2022_05_26_171700_create_post_post_category_table',1),(19,'2022_06_01_230711_create_galleries_table',1),(20,'2022_06_14_075133_create_publications_table',1),(21,'2022_10_03_025302_create_ppid_categories_table',1),(22,'2022_10_03_025717_create_ppids_table',1),(23,'2022_10_09_151015_create_theme_galleries_table',1),(24,'2022_10_09_151016_create_my_themes_table',1),(25,'2022_10_09_151018_add_theme_to_offices_table',1),(26,'2022_11_01_020110_create_popups_table',1),(27,'2022_11_03_231214_create_token_apis_table',1),(28,'2022_11_07_002838_create_office_services_table',1),(29,'2024_03_20_132054_create_pejabat_tapins_table',1),(30,'2024_03_28_180714_create_anak_pejabats_table',1),(31,'2024_03_28_183348_create_riwayat_pendidikan_pejabats_table',1),(32,'2024_03_28_190426_create_riwayat_organisasi_pejabats_table',1),(33,'2024_03_28_192336_create_riwayat_pekerjaan_pejabats_table',1),(34,'2024_03_28_193526_create_riwayat_penghargaan_pejabats_table',1),(35,'2024_03_29_124857_create_visitors_table',1),(36,'2024_04_28_100905_add_status_live_to_video_galleries_table',1),(37,'2024_04_28_103049_add_judul_to_video_galleries_table',1),(38,'2024_04_28_144751_add_show_tapinkab_to_posts_table',1);

--
-- Table structure for table `my_themes`
--

CREATE TABLE `my_themes` (
  `id` bigint unsigned NOT NULL AUTO_INCREMENT,
  `uuid` char(36) COLLATE utf8mb4_unicode_ci NOT NULL,
  `theme_gallery_id` bigint unsigned NOT NULL,
  `office_id` bigint unsigned NOT NULL,
  `is_active` int NOT NULL DEFAULT '0',
  `created_at` timestamp NULL DEFAULT NULL,
  `updated_at` timestamp NULL DEFAULT NULL,
  PRIMARY KEY (`id`),
  KEY `my_themes_theme_gallery_id_foreign` (`theme_gallery_id`),
  KEY `my_themes_office_id_foreign` (`office_id`),
  CONSTRAINT `my_themes_office_id_foreign` FOREIGN KEY (`office_id`) REFERENCES `offices` (`id`) ON DELETE CASCADE ON UPDATE CASCADE,
  CONSTRAINT `my_themes_theme_gallery_id_foreign` FOREIGN KEY (`theme_gallery_id`) REFERENCES `theme_galleries` (`id`) ON DELETE CASCADE ON UPDATE CASCADE
) ENGINE=InnoDB DEFAULT CHARSET=utf8mb4 COLLATE=utf8mb4_unicode_ci;

--
-- Dumping data for table `my_themes`
--


--
-- Table structure for table `office_services`
--

CREATE TABLE `office_services` (
  `id` bigint unsigned NOT NULL AUTO_INCREMENT,
  `office_id` bigint unsigned NOT NULL,
  `title` varchar(255) COLLATE utf8mb4_unicode_ci NOT NULL,
  `logo` text COLLATE utf8mb4_unicode_ci NOT NULL,
  `link` varchar(255) COLLATE utf8mb4_unicode_ci NOT NULL,
  `created_at` timestamp NULL DEFAULT NULL,
  `updated_at` timestamp NULL DEFAULT NULL,
  PRIMARY KEY (`id`),
  KEY `office_services_office_id_foreign` (`office_id`),
  CONSTRAINT `office_services_office_id_foreign` FOREIGN KEY (`office_id`) REFERENCES `offices` (`id`) ON DELETE CASCADE ON UPDATE CASCADE
) ENGINE=InnoDB AUTO_INCREMENT=26 DEFAULT CHARSET=utf8mb4 COLLATE=utf8mb4_unicode_ci;

--
-- Dumping data for table `office_services`
--

INSERT INTO `office_services` VALUES (2,11,'SP4N Lapor','assets/disdukcapil/layanan/ZnT6y7iB7RfX3OQSiYASqHbSuvW7NZtY4bF0ethy.png','https://www.lapor.go.id/','2024-09-02 06:26:08','2024-09-02 06:26:08'),(4,11,'SOP Layanan Disdukcapil','assets/disdukcapil/layanan/kUnK3AX1IlPo0g8q91DrlMLEHcjfMrBWsKyB94eY.png','https://disdukcapil.murungrayakab.go.id/Layanan.html','2024-09-02 06:29:39','2024-09-02 06:29:39'),(5,11,'Jadwal Pelayanan','assets/disdukcapil/layanan/1OimP3u5NqlJ5hsYdoMNz7Yb9bkyYOiBcgjaHu3z.png','https://disdukcapil.murungrayakab.go.id/Jadwal.html','2024-09-02 06:30:27','2024-09-02 06:30:27'),(6,11,'Call Center','assets/disdukcapil/layanan/0ZEPkft9IjkvLLm2jElU4YTOPdt44E5vp721a1G2.png','https://wa.me/+6281255558418','2024-09-02 06:45:19','2024-09-02 06:45:19'),(10,12,'SP4N Lapor','assets/dpmptsp/layanan/QunyS5vrlbqR29m8096uuU0DwOdI6lr0hu61cAhh.png','https://www.lapor.go.id/','2024-09-03 09:19:56','2024-09-03 09:19:56'),(11,12,'Layanan Perizinan SICANTIK CLOUD','assets/dpmptsp/layanan/yseCPsZhWX2b3RsD7soPZe86G4KbgqS8eYQyKByO.png','https://sicantik.go.id','2024-09-03 09:21:24','2024-09-03 09:21:24'),(12,12,'Layanan Perizinan OSS','assets/dpmptsp/layanan/fZdKUVY1h62oIcUxY7pyjXiM36lt6rILH59g77eR.png','https://oss.go.id','2024-09-03 09:21:49','2024-09-03 09:21:49'),(15,6,'Helpdesk','assets/diskominfo/layanan/VRIhIsSS5ZZ71B6aZyYNqdaoWCulO1sVFPHjI9GI.png','https://helpdesk.murungrayakab.go.id/','2024-09-09 06:23:24','2024-09-09 06:23:24'),(16,6,'Sistem Manajemen Pengetahuan','assets/diskominfo/layanan/bePl8rQSAgTB1XTHhpfB1jwfxwVPXwAgVZub81AC.png','https://simpan.murungrayakab.go.id/','2024-09-09 06:24:48','2024-09-09 06:24:48'),(17,6,'Manajemen Aset TIK','assets/diskominfo/layanan/05ROF7eGaHbuZPbIdvrFly0GEGDMDMUBlvVxFni3.png','https://tik.murungrayakab.go.id/login','2024-09-09 06:25:23','2024-09-09 06:25:23'),(18,6,'E-Presensi','assets/diskominfo/layanan/C4hbt34wjP2yDR59lJJH3VbY9f3yIftn00U853vc.png','https://e-kinerja.murungrayakab.go.id','2024-09-09 08:16:54','2024-09-09 08:16:54'),(19,11,'Pengumuman','assets/disdukcapil/layanan/j0c86pxIRt0TTfnkKnuC1VZFt2kYGJBBSzK1p5fZ.png','https://disdukcapil.web.murungrayakab.go.id/pengumuman','2024-09-09 08:19:01','2024-09-09 08:19:01'),(22,15,'Karir Hub','assets/distranaker/layanan/EEOZ26visXsv4wsdEXEuFSdfhigFtKCeA6BVy4oK.png','https://karirhub.kemnaker.go.id','2024-10-15 04:14:17','2024-10-15 04:14:17'),(23,15,'Siap Kerja','assets/distranaker/layanan/PO023NKyyMSejJ4U23cpHL1UmmlM9yMSvK469bcu.png','https://siapkerja.kemnaker.go.id/app/home','2024-10-15 04:15:16','2024-10-15 04:15:16'),(24,15,'SP4N Lapor','assets/distranaker/layanan/uTTmswB7WnxPBNqwykGKpUYyQHxXZN4uc5UDvI5R.png','https://www.lapor.go.id/','2024-10-15 04:16:43','2024-10-15 04:16:43'),(25,17,'BRIN FIRE HOTSPOT','assets/bpbd/layanan/pULe2GOag6fNkhweKDSBjsXjCZQbfXxfFckE01Ta.jpg','https://hotspot.brin.go.id/','2024-12-03 05:41:03','2024-12-03 05:41:03');

--
-- Table structure for table `offices`
--

CREATE TABLE `offices` (
  `id` bigint unsigned NOT NULL AUTO_INCREMENT,
  `user_id` bigint unsigned NOT NULL,
  `kd_urusan` varchar(255) COLLATE utf8mb4_unicode_ci DEFAULT NULL,
  `kd_bidang` varchar(255) COLLATE utf8mb4_unicode_ci DEFAULT NULL,
  `kd_unit` varchar(255) COLLATE utf8mb4_unicode_ci DEFAULT NULL,
  `name` varchar(255) COLLATE utf8mb4_unicode_ci NOT NULL,
  `subdomain` varchar(255) COLLATE utf8mb4_unicode_ci NOT NULL,
  `phone` varchar(255) COLLATE utf8mb4_unicode_ci DEFAULT NULL,
  `email` varchar(255) COLLATE utf8mb4_unicode_ci DEFAULT NULL,
  `address` text COLLATE utf8mb4_unicode_ci,
  `youtube` varchar(255) COLLATE utf8mb4_unicode_ci DEFAULT NULL,
  `instagram` varchar(255) COLLATE utf8mb4_unicode_ci DEFAULT NULL,
  `facebook` varchar(255) COLLATE utf8mb4_unicode_ci DEFAULT NULL,
  `logo` text COLLATE utf8mb4_unicode_ci,
  `leader_name` varchar(255) COLLATE utf8mb4_unicode_ci DEFAULT NULL,
  `leader_image` text COLLATE utf8mb4_unicode_ci,
  `leader_position` varchar(255) COLLATE utf8mb4_unicode_ci DEFAULT NULL,
  `welcome_text` longtext COLLATE utf8mb4_unicode_ci,
  `map` longtext COLLATE utf8mb4_unicode_ci,
  `created_at` timestamp NULL DEFAULT NULL,
  `updated_at` timestamp NULL DEFAULT NULL,
  `theme_gallery_id` bigint unsigned NOT NULL DEFAULT '1',
  PRIMARY KEY (`id`),
  UNIQUE KEY `offices_subdomain_unique` (`subdomain`),
  KEY `offices_user_id_foreign` (`user_id`),
  KEY `offices_theme_gallery_id_foreign` (`theme_gallery_id`),
  CONSTRAINT `offices_theme_gallery_id_foreign` FOREIGN KEY (`theme_gallery_id`) REFERENCES `theme_galleries` (`id`) ON DELETE CASCADE ON UPDATE CASCADE,
  CONSTRAINT `offices_user_id_foreign` FOREIGN KEY (`user_id`) REFERENCES `users` (`id`) ON DELETE CASCADE ON UPDATE CASCADE
) ENGINE=InnoDB AUTO_INCREMENT=18 DEFAULT CHARSET=utf8mb4 COLLATE=utf8mb4_unicode_ci;

--
-- Dumping data for table `offices`
--

INSERT INTO `offices` VALUES (6,12,NULL,NULL,NULL,'Dinas Komunikasi dan Informatika','diskominfo','-','diskominfo@murungrayakab.go.id','Setda Kab. Murung Raya (Gedung B), Beriwit, Kec. Murung, Kabupaten Murung Raya, Kalimantan Tengah 73911','https://www.youtube.com/@diskominfomurungraya7692','https://www.instagram.com/diskominfomurakab','https://www.facebook.com/diskominfomurakab','assets/diskominfo/profil/ROT4qFPSKSWcZ9oKPHnIrc0THgG0niiMWSABDjtV.png','Rahmat Kurniawan Tambunan, A.P.','assets/diskominfo/profil/kZstyV2peCDZKqLAdnOD2qyIvTcXbtpjmFaYIrkD.png','Plt. Kepala Dinas Komunikasi Informatika Statistik dan Persandian','<p><b>Selamat Datang</b> <br><br>DI WEBSITE PROFILE KABUPATEN MURUNG RAYA</p><p><span style=\"color: rgb(0, 0, 0); font-family: RobotoBold; font-size: 24.5049px;\"><i>Adil Ka\' Talino, Bacuramin Ka\' Saruga, Basengat Ka\' Jubata</i></span><br></p>','<iframe src=\"https://www.google.com/maps/embed?pb=!1m14!1m12!1m3!1d3662.5297848741775!2d114.56508605949699!3d-0.6209778462384875!2m3!1f0!2f0!3f0!3m2!1i1024!2i768!4f13.1!5e0!3m2!1sen!2sid!4v1726633037264!5m2!1sen!2sid\" width=\"600\" height=\"450\" style=\"border:0;\" allowfullscreen=\"\" loading=\"lazy\" referrerpolicy=\"no-referrer-when-downgrade\"></iframe>','2024-08-30 13:42:07','2024-09-18 04:17:31',1),(11,17,NULL,NULL,NULL,'Dinas Kependudukan dan Pencatatan Sipil','disdukcapil','+62 812-5555-8418','disdukcapil@murungrayakab.go.id','Jalan Bina Praja, Beriwit, Kec. Murung, Kabupaten Murung Raya, Kalimantan Tengah 73911',NULL,NULL,NULL,NULL,'REGITA, S.P., M.M.','assets/disdukcapil/profil/HnB3sk05UjnKiupj6Xjm2wW9bho4nLKyvwQPRHla.png','Kepala Dinas Dinas Kependudukan Dan Pencatatan Sipil.','<b>Assalamu\'alaikum</b> <br/> <br/> <br/>','<iframe src=\"https://www.google.com/maps/embed?pb=!1m18!1m12!1m3!1d3989.569759675924!2d114.56813867496479!3d-0.6395573993541972!2m3!1f0!2f0!3f0!3m2!1i1024!2i768!4f13.1!3m3!1m2!1s0x2df918e266012cbb%3A0x96baaa21634852c!2sKANTOR%20DINAS%20DUKCAPIL!5e0!3m2!1sen!2sid!4v1725258834599!5m2!1sen!2sid\" width=\"600\" height=\"450\" style=\"border:0;\" allowfullscreen=\"\" loading=\"lazy\" referrerpolicy=\"no-referrer-when-downgrade\"></iframe>','2024-09-02 06:17:46','2024-09-09 06:18:34',1),(12,18,NULL,NULL,NULL,'Dinas Penanaman Modal dan Pelayanan Terpadu Satu Pintu','dpmptsp','085247583036',NULL,NULL,NULL,'https://www.instagram.com/dpmptsp_kabmura/',NULL,'assets/dpmptsp/profil/odvORfPGAArqNoJJGNYPQdZsqTqfrwVBlZTDeqTp.jpg','Drs. SARWO MINTARJO','assets/dpmptsp/profil/Uw0ROLjnUN2yKxVRxpCixJJd1WBk0AZ0BCaTUqDR.jpg','Kepala Dinas Dinas Penanaman Modal dan Pelayanan Terpadu Satu Pintu','<b>Assalamu\'alaikum</b> <br/> <br/> <br/>',NULL,'2024-09-03 09:14:35','2024-09-15 12:21:09',1),(13,19,NULL,NULL,NULL,'Kecamatan Tanah Siang Selatan','kec-tss',NULL,NULL,'Jl. Putir Sikan No.01 Dirung Lingkin Kode Pos 7392',NULL,NULL,NULL,NULL,'ANDREAS, SE.,M.Si','assets/kec-tss/profil/9siONu4Q1dYN3Vi8ims0Gf9kcEyy6ultXkRdRKSj.png','CAMAT TANAH SIANG SELATAN','<b>Assalamu\'alaikum</b> <br/> <br/> <br/>','<iframe src=\"https://www.google.com/maps/embed?pb=!1m18!1m12!1m3!1d3989.5377756803714!2d114.44824947351837!3d-0.6794611352609377!2m3!1f0!2f0!3f0!3m2!1i1024!2i768!4f13.1!3m3!1m2!1s0x2df9233eaaaaaaab%3A0x2e1d00be3783bdac!2sKantor%20Kecamatan%20Tanah%20Siang%20Selatan!5e0!3m2!1sid!2sid!4v1726633937504!5m2!1sid!2sid\" width=\"600\" height=\"450\" style=\"border:0;\" allowfullscreen=\"\" loading=\"lazy\" referrerpolicy=\"no-referrer-when-downgrade\"></iframe>','2024-09-18 04:20:50','2024-10-02 13:22:58',1),(15,21,NULL,NULL,NULL,'Dinas Transmigrasi dan Tenaga Kerja','distranaker','(0528) 31828','disnakertrans@murungrayakab.go.id','Jalan Bina Praja No. 2 Puruk Cahu, Provinsi Kalimantan Tengah',NULL,NULL,NULL,'assets/distranaker/profil/rS6iuiP74eQDoAOQJnTAKdlOkMOfgPSx4ASo3z73.png','LILY EVRINA, S.Hut.',NULL,'Kepala Dinas','<p>Selamat Datang<br><br>&nbsp;</p>','<iframe src=\"https://www.google.com/maps/embed?pb=!1m18!1m12!1m3!1d249.34810783640305!2d114.56941251425621!3d-0.6396015175925133!2m3!1f0!2f0!3f0!3m2!1i1024!2i768!4f13.1!3m3!1m2!1s0x2df918e257156bad%3A0x83cf536fc8f325e7!2sDinas%20Tenaga%20Kerja%20Dan%20Transmigrasi%20Kab.%20Murung%20Raya!5e0!3m2!1sen!2sid!4v1728965258638!5m2!1sen!2sid\" width=\"600\" height=\"450\" style=\"border:0;\" allowfullscreen=\"\" loading=\"lazy\" referrerpolicy=\"no-referrer-when-downgrade\"></iframe>','2024-10-15 03:42:54','2024-11-05 03:08:01',1),(16,22,NULL,NULL,NULL,'Badan Pendapatan Daerah','bapenda',NULL,NULL,NULL,NULL,NULL,NULL,NULL,NULL,NULL,NULL,NULL,NULL,'2024-11-26 05:04:36','2024-11-26 05:04:36',1),(17,23,NULL,NULL,NULL,'Badan Penanggulangan Bencana Daerah','bpbd','0822-3711-8213','bpbdkabmura2@gmail.com','Jalan Jenderal Soedirman, Dermaga Putir Sikan, Kelurahan Beriwit, Kecamatan Murung, Kabupaten Murung Raya','https://www.youtube.com/results?search_query=official+bkn+tilok+murung+raya','https://instagram.com','https://facebook.com','assets/bpbd/profil/xZwvjkMxkNFkG6ijynNJODpmZ01l9nwBc7ChpOnZ.png','FITRIANUL FAHRIMAN, SP.,M.Si','assets/bpbd/profil/L0F64eKNo3nEnb1lcNjj1zMUfQdoRlStShe0AAFe.jpg','Kepala Pelaksana','<p><strong>Assalamu\'alaikum</strong>&nbsp;wwb..</p><p>Puji Syukur kita panjatkan kepada Allah SWT, Tuhan Yang Maha Esa atas karunia-Nya kepada semua pihak yang telah membantu Website ini<i><strong>. </strong></i>Selaras dengan kebijakan Pemerintah Pusat, Kabupaten Murung Raya terus melakukan upaya-upaya dalam penanggulangan bencana dengan cara melakukan mitigasi bencana dan berupaya mencegah terjadinya bencana di berbagai sektor baik kawasan hutan, lingkungan maupun permukiman masyarakat. Upaya tersebut tidak dapat di atasi oleh BPBD Kabupaten Murung Raya itu sendiri, namun perlu memperkuat kolaborasi dan sinergi dengan berbagai unsur terkait dalam penanganan bencana, seperti BNPB, Forkopimda Kabupaten Murung Raya, TNI dan Polri, Masyarakat, Organisasi Perangkat Daerah terkait dalam lingkup Pemerintah Kabupaten Murung Raya serta seluruh stakeholder lainnya<br><br><br>&nbsp;</p>','<iframe src=\"https://www.google.com/maps/embed?pb=!1m18!1m12!1m3!1d1735.6024416623134!2d114.58653496891878!3d-0.6559625529966913!2m3!1f0!2f0!3f0!3m2!1i1024!2i768!4f13.1!3m3!1m2!1s0x2df919af210bb0e9%3A0x801fdfa6df4af255!2sKANTOR%20BPBD%20KAB.MURUNG%20RAYA!5e1!3m2!1sid!2sid!4v1733204178514!5m2!1sid!2sid\" width=\"600\" height=\"450\" style=\"border:0;\" allowfullscreen=\"\" loading=\"lazy\" referrerpolicy=\"no-referrer-when-downgrade\"></iframe>','2024-12-02 13:19:28','2024-12-04 02:39:46',1);

--
-- Table structure for table `orgranizations`
--

CREATE TABLE `orgranizations` (
  `id` bigint unsigned NOT NULL AUTO_INCREMENT,
  `office_id` bigint unsigned NOT NULL,
  `image` text COLLATE utf8mb4_unicode_ci NOT NULL,
  `created_at` timestamp NULL DEFAULT NULL,
  `updated_at` timestamp NULL DEFAULT NULL,
  PRIMARY KEY (`id`),
  KEY `orgranizations_office_id_foreign` (`office_id`),
  CONSTRAINT `orgranizations_office_id_foreign` FOREIGN KEY (`office_id`) REFERENCES `offices` (`id`) ON DELETE CASCADE ON UPDATE CASCADE
) ENGINE=InnoDB AUTO_INCREMENT=4 DEFAULT CHARSET=utf8mb4 COLLATE=utf8mb4_unicode_ci;

--
-- Dumping data for table `orgranizations`
--

INSERT INTO `orgranizations` VALUES (1,6,'assets/diskominfo/sturktur-organisasi/6XwAThGKN6PtZOuLDUlAVyzsyJmlzrLGanGh6ahA.png','2024-08-31 06:42:21','2024-08-31 06:42:21'),(2,12,'assets/dpmptsp/sturktur-organisasi/9Ogv99BW5tId7wnDgHUIRcRDQhMoXfB23PfbLLOC.jpg','2024-10-22 01:34:56','2024-10-22 01:34:56'),(3,17,'assets/bpbd/sturktur-organisasi/LOTwbQDd9vQfzlfXCKukjm624BBDNWf674i9wEMd.png','2024-12-03 05:16:32','2024-12-03 05:16:32');

--
-- Table structure for table `pejabat_tapins`
--

CREATE TABLE `pejabat_tapins` (
  `id` bigint unsigned NOT NULL AUTO_INCREMENT,
  `uuid` char(36) COLLATE utf8mb4_unicode_ci NOT NULL,
  `nama` varchar(255) COLLATE utf8mb4_unicode_ci NOT NULL,
  `jabatan` varchar(255) COLLATE utf8mb4_unicode_ci NOT NULL,
  `tempat_lahir` varchar(255) COLLATE utf8mb4_unicode_ci DEFAULT NULL,
  `tanggal_lahir` date DEFAULT NULL,
  `istri` varchar(255) COLLATE utf8mb4_unicode_ci DEFAULT NULL,
  `agama` varchar(255) COLLATE utf8mb4_unicode_ci DEFAULT NULL,
  `alamat` text COLLATE utf8mb4_unicode_ci,
  `periode` varchar(255) COLLATE utf8mb4_unicode_ci NOT NULL,
  `status` enum('aktif','tidak_aktif') COLLATE utf8mb4_unicode_ci NOT NULL,
  `foto` text COLLATE utf8mb4_unicode_ci,
  `created_at` timestamp NULL DEFAULT NULL,
  `updated_at` timestamp NULL DEFAULT NULL,
  PRIMARY KEY (`id`)
) ENGINE=InnoDB AUTO_INCREMENT=3 DEFAULT CHARSET=utf8mb4 COLLATE=utf8mb4_unicode_ci;

--
-- Dumping data for table `pejabat_tapins`
--

INSERT INTO `pejabat_tapins` VALUES (1,'7aaa6cc1-30c7-45ce-89b1-9f72d43d7f1d','DR. Drs. Hermon, M.Si','pj_bupati','Banjarmasin','1970-01-01','-','Islam','Murung Raya','2024-2024','aktif',NULL,'2024-08-31 06:09:40','2024-08-31 06:18:51'),(2,'cb1d6431-8891-444c-88a0-55def7a33a8e','Drs. Hermon, M.Si','sekda',NULL,NULL,NULL,NULL,NULL,'2024-2024','tidak_aktif',NULL,'2024-08-31 06:10:01','2024-08-31 06:10:36');

--
-- Table structure for table `popups`
--

CREATE TABLE `popups` (
  `id` bigint unsigned NOT NULL AUTO_INCREMENT,
  `office_id` bigint unsigned NOT NULL,
  `title` varchar(255) COLLATE utf8mb4_unicode_ci NOT NULL,
  `code` longtext COLLATE utf8mb4_unicode_ci NOT NULL,
  `created_at` timestamp NULL DEFAULT NULL,
  `updated_at` timestamp NULL DEFAULT NULL,
  PRIMARY KEY (`id`),
  KEY `popups_office_id_foreign` (`office_id`),
  CONSTRAINT `popups_office_id_foreign` FOREIGN KEY (`office_id`) REFERENCES `offices` (`id`) ON DELETE CASCADE ON UPDATE CASCADE
) ENGINE=InnoDB AUTO_INCREMENT=7 DEFAULT CHARSET=utf8mb4 COLLATE=utf8mb4_unicode_ci;

--
-- Dumping data for table `popups`
--

INSERT INTO `popups` VALUES (1,11,'Dinas Kependudukan Dan Pencatatan Sipil.','Selamat Datang Di Website Profile Dinas Kependudukan Dan Pencatatan Sipil.','2024-09-02 06:22:39','2024-09-02 06:23:42'),(2,12,'Selamat Datang','Selamat Datang Di Website Profile Dinas Penanaman Modal dan Pelayanan Terpadu Satu Pintu','2024-09-04 00:48:24','2024-09-04 00:48:24'),(3,13,'SELAMAT DATANG','SELAMAT DATANG DI KECAMATAN TANAH SIANG SELATAN','2024-09-18 04:34:08','2024-09-18 04:34:08'),(4,15,'Selamat Datang!','Selamat Datang Di Website Resmi Dinas Transmigrasi dan Tenaga Kerja Kabupaten Murung Raya','2024-10-15 04:10:45','2024-10-16 03:35:19'),(5,16,'SELAMAT DATANG','SELAMAT DATANG DI WEBSITE PROFILE BADAN PENDAPATAN DAERAH','2024-11-26 05:06:39','2024-11-26 05:06:39'),(6,17,'SELAMAT DATANG','SELAMAT DATANG DI WEBSITE PROFILE BADAN PENANGGULANGAN BENCANA DAERAH KABUPATEN MURUNG RAYA','2024-12-02 13:20:52','2024-12-02 13:20:52');

--
-- Table structure for table `post_categories`
--

CREATE TABLE `post_categories` (
  `id` bigint unsigned NOT NULL AUTO_INCREMENT,
  `uuid` varchar(255) COLLATE utf8mb4_unicode_ci NOT NULL,
  `name` varchar(255) COLLATE utf8mb4_unicode_ci NOT NULL,
  `slug` varchar(150) COLLATE utf8mb4_unicode_ci DEFAULT NULL,
  `created_at` timestamp NULL DEFAULT NULL,
  `updated_at` timestamp NULL DEFAULT NULL,
  PRIMARY KEY (`id`),
  UNIQUE KEY `post_categories_uuid_unique` (`uuid`)
) ENGINE=InnoDB AUTO_INCREMENT=4 DEFAULT CHARSET=utf8mb4 COLLATE=utf8mb4_unicode_ci;

--
-- Dumping data for table `post_categories`
--

INSERT INTO `post_categories` VALUES (1,'e36f9707-e1bd-11ec-8640-024265abcd75','Berita','berita',NULL,NULL),(2,'e36f9d2a-e1bd-11ec-8640-024265abcd75','Pengumuman','pengumuman',NULL,NULL),(3,'eea188b5-e1bd-11ec-8640-024265abcd75','Kegiatan','kegiatan',NULL,NULL);

--
-- Table structure for table `post_post_category`
--

CREATE TABLE `post_post_category` (
  `id` bigint unsigned NOT NULL AUTO_INCREMENT,
  `post_id` bigint unsigned NOT NULL,
  `post_category_id` bigint unsigned NOT NULL,
  `created_at` timestamp NULL DEFAULT NULL,
  `updated_at` timestamp NULL DEFAULT NULL,
  PRIMARY KEY (`id`),
  KEY `post_post_category_post_id_foreign` (`post_id`),
  KEY `post_post_category_post_category_id_foreign` (`post_category_id`),
  CONSTRAINT `post_post_category_post_category_id_foreign` FOREIGN KEY (`post_category_id`) REFERENCES `post_categories` (`id`) ON DELETE CASCADE ON UPDATE CASCADE,
  CONSTRAINT `post_post_category_post_id_foreign` FOREIGN KEY (`post_id`) REFERENCES `posts` (`id`) ON DELETE CASCADE ON UPDATE CASCADE
) ENGINE=InnoDB AUTO_INCREMENT=20 DEFAULT CHARSET=utf8mb4 COLLATE=utf8mb4_unicode_ci;

--
-- Dumping data for table `post_post_category`
--

INSERT INTO `post_post_category` VALUES (8,7,1,NULL,NULL),(10,9,1,NULL,NULL),(11,10,1,NULL,NULL),(12,11,3,NULL,NULL),(13,11,1,NULL,NULL),(14,12,2,NULL,NULL),(15,13,1,NULL,NULL),(16,13,3,NULL,NULL),(17,13,2,NULL,NULL),(18,14,1,NULL,NULL),(19,14,3,NULL,NULL);

--
-- Table structure for table `posts`
--

CREATE TABLE `posts` (
  `id` bigint unsigned NOT NULL AUTO_INCREMENT,
  `office_id` bigint unsigned NOT NULL,
  `uuid` varchar(255) COLLATE utf8mb4_unicode_ci NOT NULL,
  `title` varchar(255) COLLATE utf8mb4_unicode_ci NOT NULL,
  `body` longtext COLLATE utf8mb4_unicode_ci NOT NULL,
  `excercept` text COLLATE utf8mb4_unicode_ci NOT NULL,
  `thumb` text COLLATE utf8mb4_unicode_ci NOT NULL,
  `created_at` timestamp NULL DEFAULT NULL,
  `updated_at` timestamp NULL DEFAULT NULL,
  `show_tapinkab` int NOT NULL DEFAULT '0',
  PRIMARY KEY (`id`),
  UNIQUE KEY `posts_uuid_unique` (`uuid`),
  KEY `posts_office_id_foreign` (`office_id`),
  CONSTRAINT `posts_office_id_foreign` FOREIGN KEY (`office_id`) REFERENCES `offices` (`id`) ON DELETE CASCADE ON UPDATE CASCADE
) ENGINE=InnoDB AUTO_INCREMENT=15 DEFAULT CHARSET=utf8mb4 COLLATE=utf8mb4_unicode_ci;

--
-- Dumping data for table `posts`
--

INSERT INTO `posts` VALUES (7,6,'ecf0913a-cb40-4e9a-8967-815bfbdec112','MARI CIPTAKAN PILKADA 2024 YANG AMAN DAMAI SEJUK DAN KONDUSIF','<p><img style=\"width: 640.667px;\" src=\"data:image/jpeg;base64,[BLOB]\" data-filename=\"foto.jpg.jpg\"><br></p>','','assets/diskominfo/post/thumb/aQo3kuO5JFV021CKNAWhzuzZQDGWtPOiun8N2ygV.png','2024-10-02 03:27:25','2024-10-15 03:56:58',0),(9,12,'26cff0bc-4635-4b3e-a0ea-18d34f9875eb','Penilaian Kinerja Oleh Ombusdmen pada DPMPTSP Kab. Murung Raya','<p><span style=\"color: rgb(34, 34, 34); font-family: &quot;Work Sans&quot;, sans-serif; font-size: 16px;\">Puruk Cahu, Senin 15 Juli 2024 telah melaksanakan penilaian kinerja pada Dinas Penanaman Modal dan PTSP Kabupaten Murung Raya oleh Pihak Ombudsmen RI perwakilan Kalimantan Tengah. Penilaian yang dilakukan meliputi aturan dan administrasi terkait perizinan dan non perizinan, layanan pengaduan dan pengawasan.</span><br></p>','Puruk Cahu, Senin 15 Juli 2024 telah melaksanakan penilaian kinerja pada Dinas Penanaman Modal dan PTSP Kabupaten Murung Raya oleh Pihak Ombudsmen RI perwakilan Kalimantan Tengah. Penilaian yang dilakukan meliputi aturan dan administrasi terkait perizinan dan non perizinan, layanan pengaduan dan pen...','assets/dpmptsp/post/thumb/9MZVzbJkiyZN5paJxVzgUF1UXVM1dKcb4K9Ga55U.jpg','2024-10-22 02:07:33','2024-10-22 02:07:33',0),(10,12,'24beb1ad-bc3d-4da6-a385-5a901bd1926f','Pelaksanaan Penilaiaan Kinerja Mandiri Kemenves Tahun 2024','<p style=\"margin-bottom: 20px; color: rgb(34, 34, 34); font-family: &quot;Work Sans&quot;, sans-serif; font-size: 16px;\"><font style=\"vertical-align: inherit;\">Puruk Cahu selasa (11 Juni 2024), telah melaksanakan proses penilaian oleh Surveyor dari Kementerian Investasi terkait penilaian mandiri kinerja Dinas Penanaman Modal dan Pelayanan Terpadu Satu Pintu Kabupaten Murung Raya.</font></p><p style=\"margin-bottom: 20px; color: rgb(34, 34, 34); font-family: &quot;Work Sans&quot;, sans-serif; font-size: 16px;\"><font style=\"vertical-align: inherit;\">Dari kegiatan ini diharapkan adanya peningkatan kualitas pelayanan perizinan dan nonperizinan baik berupa layanan yang bersifat administratif maupun kelengkapan sarana dan prasarana yang tersedia.</font></p><p style=\"margin-bottom: 20px; color: rgb(34, 34, 34); font-family: &quot;Work Sans&quot;, sans-serif; font-size: 16px;\"><font style=\"vertical-align: inherit;\">Berbagai upaya telah dilakukan dalam rangka meningkatkan kualitas pelayanan, adanya beberapa inovasi dan tingginya nilai positif yang diberikan melalui survei kepuasan masyarakat cukup memberikan dampak positif dalam peningkatan nilai kinerja DPMPTSP Kabupaten Murung Raya.</font></p>','Puruk Cahu selasa (11 Juni 2024), telah melaksanakan proses penilaian oleh Surveyor dari Kementerian Investasi terkait penilaian mandiri kinerja Dinas Penanaman Modal dan Pelayanan Terpadu Satu Pintu Kabupaten Murung Raya.Dari kegiatan ini diharapkan adanya peningkatan kualitas pelayanan perizinan d...','assets/dpmptsp/post/thumb/6CznNmdRlMsiRUmfSYFuWqK7ehlvu5FojzzInyBG.jpg','2024-10-22 02:10:17','2024-10-22 02:10:17',0),(11,12,'020ec43d-0337-463a-9b76-4b8ca2ca1a0e','NILAI SKM BULAN APRIL-JUNI TAHUN 2024','<p><font style=\"vertical-align: inherit;\"><font style=\"vertical-align: inherit;\">Berikut adalah hasil Survey Kepuasaan Masyarakat Triwulan II Tahun 2024</font></font></p>','Berikut adalah hasil Survey Kepuasaan Masyarakat Triwulan II Tahun 2024','assets/dpmptsp/post/thumb/yhtPhXCfq2yiNSaH6UdF1CfdmIMBOAcMW2g422uZ.jpg','2024-10-22 02:14:27','2024-10-22 02:15:44',0),(12,12,'b06c46a6-027b-4ced-a935-dc3ed71ceb8d','Layanan Informasi dan Pengaduan','<p><font style=\"vertical-align: inherit;\"><font style=\"vertical-align: inherit;\">Berikut adalah Nomor Layanan Informasi dan Pengaduan yang dapat diakses oleh masyarakat.</font></font></p>','Berikut adalah Nomor Layanan Informasi dan Pengaduan yang dapat diakses oleh masyarakat.','assets/dpmptsp/post/thumb/sPpGp1Dx5DTjkhwe1VLudWU6Gwh39tNZOoBpG1EV.jpg','2024-10-22 02:18:27','2024-10-22 02:18:27',0),(13,12,'634f512e-4bb4-42c4-aa1f-93947ffa32d0','Layanan MCP DPMPTSP','<p style=\"margin-bottom: 20px; color: rgb(34, 34, 34); font-family: &quot;Work Sans&quot;, sans-serif; font-size: 16px;\"><span style=\"font-weight: 600;\">DESKRIPSI LAYANAN MCP DPMPTSP</span></p><p style=\"margin-bottom: 20px; color: rgb(34, 34, 34); font-family: &quot;Work Sans&quot;, sans-serif; font-size: 16px;\"><font style=\"vertical-align: inherit;\">Dengan semakin kolaboratifnya sinergitas berbagai OPD di Daerah Provinsi dan Kabupaten/Kota untuk memajukan UMKM yang tergambarkan di dalam peran masing – masing, diantaranya;</font></p><p style=\"margin-bottom: 20px; color: rgb(34, 34, 34); font-family: &quot;Work Sans&quot;, sans-serif; font-size: 16px;\"><font style=\"vertical-align: inherit;\">Kepala Dinas Koperasi dan UKM Provinsi Kalimantan Tengah telah melakukan Launching aplikasi Tangan Berkah ( TABE ), serta akan mengoptimalisasikan penguatan TABE bagi pelaku usaha UMKM,</font></p><p style=\"margin-bottom: 20px; color: rgb(34, 34, 34); font-family: &quot;Work Sans&quot;, sans-serif; font-size: 16px;\"><font style=\"vertical-align: inherit;\">Kepala Dinas Kominfosantik Provinsi Kalimantan Tengah dengan inovasi dan inovasi penyempurnaan sistem Satu Data Kalimantan Tengah ( SDKT ) yang real time – up to date, aman, akurat – valid, terintegrasi dalam satu sistem portal Satu Data Indonesia ( SDI ). Baik SDKT maupun SDI adalah kunci bagi keberhasilan pembangunan disegala bidang termasuk pengembangan UMKM yang pada akhirnya tersedianya database yang cepat,tepat,akurat-valid mampu mengakomodir perencanaan kebijakan pembangunan dan pelayanan untuk kesejahteraan masyarakat secara berkelanjutan, Kendala – Kendala yang memimpin saat ini Database mulai dari Tingkat Desa/Kelurahan/Kecamatan/Dinas Perindagkop dan UKM bagi upaya percepatan pelayanan Perizinan Berusaha dan upaya Jemput Bola membantu pelaku UMKM ( layanan Pembantuan ) sampai ke wilayah pelosok Kalteng masih belum optimal.</font></p><p style=\"margin-bottom: 20px; color: rgb(34, 34, 34); font-family: &quot;Work Sans&quot;, sans-serif; font-size: 16px;\"><font style=\"vertical-align: inherit;\">DPMPTSP Provinsi Kalimantan Tengah dan seluruh Kabupaten/Kota yang telah menjalankan sistem Pelayanan Perizinan Berusaha melalui Online Single Submision Risk Based Approach ( OSS-RBA ) yang tentunya akses layanan ini memberikan kemudahan bagi semua pelaku usaha yang memahami penggunaan teknologi aplikasi tersebut. Akan tetapi kondisi Kalteng yang begitu luas dan tidak semua Desa/Kelurahan/Kecamatan terjangkau akses telekomunikasi-tower Telkomsel,XL,Indosat dan lainnya, hal ini juga jadi penghambat dalam hal urusan Perizinan Berusaha bagi UMKM.</font></p><p style=\"margin-bottom: 20px; color: rgb(34, 34, 34); font-family: &quot;Work Sans&quot;, sans-serif; font-size: 16px;\"><font style=\"vertical-align: inherit;\">&nbsp;Walaupun dengan kondisi kebijakan pemerintah yang berpihak kepada pelaku usaha / UMKM dan kita maklumi bahwa terdapat banyak keterbatasan pengetahuan masyarakat untuk memahami proses legalitas perizinan yang berusaha ( masih rendah ), juga hambatan luasnya wilayah tiap kabupaten di Kalteng, “&nbsp;&nbsp;</font><span style=\"font-weight: 600;\">Oleh karena itu dinilai perlunya suatu upaya untuk Peningkatan Pelayanan Mudah dan Cepat bagi pelaku Usaha Mikro Kecil dan Menengah UMKM di Kabupaten Murung Raya</span></p><p style=\"margin-bottom: 20px; color: rgb(34, 34, 34); font-family: &quot;Work Sans&quot;, sans-serif; font-size: 16px;\"><span style=\"font-weight: 600;\">TUJUAN PROYEK PERUBAHAN LAYANAN MCP</span></p><p style=\"margin-bottom: 20px; color: rgb(34, 34, 34); font-family: &quot;Work Sans&quot;, sans-serif; font-size: 16px;\"><font style=\"vertical-align: inherit;\">Perubahan Proyek ini terutama terfokus pula agar unit kerja DPMPTSP lebih proaktif dalam mempercepatnya melayani, memiliki strategi yang dibutuhkan oleh organisasi modern yang mampu membaca peluang bagi peningkatan perekonomian daerah-PAD yang meningkat,peningkatan lapangan kerja masyarakat, peningkatan akses layanan sampai ke wilayah pelosok yang tanpa sinyal telkomsel sekalipun dan sebagai unit kerja andalan dalam kemudahan pelayanan perizinan di daerah.</font></p><p style=\"margin-bottom: 20px; color: rgb(34, 34, 34); font-family: &quot;Work Sans&quot;, sans-serif; font-size: 16px;\"><font style=\"vertical-align: inherit;\">Tujuan akhir dari gagasan proyek perubahan ini yaitu terselenggaranya Pelayanan Mudah dan Cepat bagi semua pelaku UMKM, maju dan berkembang pesat di Kabupaten Murung Raya seiring dengan peningkatan perekonomian dan kesejahteraan masyarakat. Perencanaan Konkrit untuk mewujudkan tujuan diwujudkan pada tahapan kinerja sebagai berikut;</font></p><p style=\"margin-bottom: 20px; color: rgb(34, 34, 34); font-family: &quot;Work Sans&quot;, sans-serif; font-size: 16px;\"><font style=\"vertical-align: inherit;\">A. Tujuan Jangka Pendek ( Tahapan Kinerja Tim Jangka Pendek 3 bulan )</font></p><ol style=\"list-style: lower-alpha; color: rgb(34, 34, 34); font-family: &quot;Work Sans&quot;, sans-serif; font-size: 16px;\"><li><font style=\"vertical-align: inherit;\">&nbsp;Kegiatan Mentoring</font></li><li><font style=\"vertical-align: inherit;\">Pembentukan Tim yang Efektif</font></li><li><font style=\"vertical-align: inherit;\">Perencanaan Kebutuhan Sarana Kerja dan Anggaran</font></li><li><font style=\"vertical-align: inherit;\">Pemantapan Data, SOP MCP dan Sosialisasi</font></li><li><font style=\"vertical-align: inherit;\">Disepakatinya Komitmen Kolaboratif antar,OPD terkait</font></li><li><font style=\"vertical-align: inherit;\">Penyusunan rencana Anggaran Dukungan Proper tahun 2024</font></li></ol><p style=\"margin-bottom: 20px; color: rgb(34, 34, 34); font-family: &quot;Work Sans&quot;, sans-serif; font-size: 16px;\"><font style=\"vertical-align: inherit;\">B. Tujuan Jangka Menengah ( 6 bulan, Januari-Juli 2024 )</font></p><ol style=\"list-style: lower-alpha; color: rgb(34, 34, 34); font-family: &quot;Work Sans&quot;, sans-serif; font-size: 16px;\"><li><font style=\"vertical-align: inherit;\">Koordinasi – Sinkronisasi awal tahun dengan Bupati Murung Raya, Ketua DPRD, Disperindagkop &amp; UKM, Bapenda dan 10 Kecamatan</font></li><li><font style=\"vertical-align: inherit;\">Layanan Perbantuan MCP jemput bola I di 3 Kecamatan</font></li><li><font style=\"vertical-align: inherit;\">Layanan Perbantuan MCP jemput bola II di 4 Kecamatan</font></li><li><font style=\"vertical-align: inherit;\">Layanan Perbantuan MCP jemput bola III di 3 Kecamatan</font></li><li><font style=\"vertical-align: inherit;\">Tersusunnya Jumlah Data UMKM ber NIB yang meningkat</font></li></ol><p style=\"margin-bottom: 20px; color: rgb(34, 34, 34); font-family: &quot;Work Sans&quot;, sans-serif; font-size: 16px;\"><font style=\"vertical-align: inherit;\">C. Tujuan Jangka Panjang ( Agustus 2024 – dst nya )</font></p><ol style=\"list-style: lower-alpha; color: rgb(34, 34, 34); font-family: &quot;Work Sans&quot;, sans-serif; font-size: 16px;\"><li><font style=\"vertical-align: inherit;\">Evaluasi Data hasil MCP guna persiapan database integrasi MPP</font></li><li><font style=\"vertical-align: inherit;\">Terkoneksinya UMKM Kabupaten Murung Raya dengan aplikasi TABE</font></li><li><font style=\"vertical-align: inherit;\">Tersedia dan terlaksananya harmonisasi sistem Database Digital untuk semua pelaku UMKM serta peningkatan PAD ( PBB,pajak dan retribusi daerah )</font></li></ol>','DESKRIPSI LAYANAN MCP DPMPTSPDengan semakin kolaboratifnya sinergitas berbagai OPD di Daerah Provinsi dan Kabupaten/Kota untuk memajukan UMKM yang tergambarkan di dalam peran masing – masing, diantaranya;Kepala Dinas Koperasi dan UKM Provinsi Kalimantan Tengah telah melakukan Launching aplikasi Tang...','assets/dpmptsp/post/thumb/mBPOnH4WZZ9MiOikT2sNwZgK4yJQuF6jMDe9Fv30.jpg','2024-10-22 02:38:33','2024-10-22 02:38:33',0),(14,17,'0f32dd7e-7928-439a-8fb3-b883d3d950a7','TEROBOS BANJIR TAK KENAL LELAH','<p class=\"MsoNormal\" style=\"margin-bottom:0cm;line-height:normal\"><b><span style=\"font-size:16.0pt\">&nbsp;</span></b></p><p class=\"MsoNormal\" style=\"margin-bottom:0cm;text-align:justify;text-indent:\r\n1.0cm;line-height:normal\"><span style=\"font-size:12.0pt\">Penjabat (Pj) Bupati\r\nKabupaten Murung Raya melakukan aksi nyata di tengah banjir besar yang terjadi\r\ndi Kabupaten Murung Raya pada bulan Januari 2024 dan bulan Oktober 2024 Silam.\r\nBerbagai masyarakat di desa maupun kelurahan terkena dan terdampak banjir\r\nbeliau sambangi tanpa kenal waktu mulai dari pagi, siang hingga tengah malam.\r\nBahkan sesekali terpaksa harus menerobos banjir yang cukup dalam menggenangi\r\njalan utama menggunakan mobil maupun perahu karet.<o:p></o:p></span></p><p class=\"MsoNormal\" style=\"margin-bottom:0cm;text-align:justify;text-indent:\r\n1.0cm;line-height:normal\"><span style=\"font-size:12.0pt\">&nbsp;</span></p><p class=\"MsoNormal\" style=\"margin-bottom:0cm;text-align:justify;text-indent:\r\n1.0cm;line-height:normal\"><span style=\"font-size:12.0pt\">Kehadiran Pj Bupati\r\nkabupaten Murung Raya tersebut ke lokasi banjir memberikan nuansa positif bagi\r\nmasyarakat yang terkena dan terdampak bajir tersebut sehingga masyarakat merasa\r\ndi berikan perhatian serta semangat dalam menghadapi bencana ini.<o:p></o:p></span></p><p class=\"MsoNormal\" style=\"margin-bottom:0cm;text-align:justify;text-indent:\r\n1.0cm;line-height:normal\"><span style=\"font-size:12.0pt\">&nbsp;</span></p><p class=\"MsoNormal\" style=\"margin-bottom:0cm;text-align:justify;text-indent:\r\n1.0cm;line-height:normal\"><span style=\"font-size:12.0pt\">Beliau juga berbaur\r\nbersama petugas, relawan maupun masyarakat dalam pendirian dapur umum di\r\nberbagai titik – titik lokasi. “ Untuk membantu masyarakat kita yang terkena\r\ndan terdampak banjir, kita perlu adanya dapur umum yang banyak di berbagai\r\ntitik lokasi guna membantu masyarakat kita yang terkena musibah banjir dalam hal\r\nkonsumsi makan dan minum” , Kata Pj Bupati kabupaten Murung Raya.<o:p></o:p></span></p><p class=\"MsoNormal\" style=\"margin-bottom:0cm;text-align:justify;text-indent:\r\n1.0cm;line-height:normal\"><span style=\"font-size:12.0pt\">&nbsp;</span></p><p class=\"MsoNormal\" style=\"margin-bottom:0cm;text-align:justify;text-indent:\r\n1.0cm;line-height:normal\"><span style=\"font-size:12.0pt\">Bantuan sembako dan\r\nmakanan kepada korban bencana banjir sangat dirasakan manfaat nya oleh\r\nmasyarakat yang terkena dan terdampak musibah banjir tersebut dikarenakan sangat\r\nmembantu mereka. Pada saat kondisi banjir, masyarakat tidak ada satu pun yang\r\nmampu untuk beraktivitas untuk memenuhi kehidupan makanan di rumah mereka\r\napalagi masyarakat yang berada di tempat pengungsian. Sehingga diperlukan\r\nperhatian ekstra dari Pemerintah Daerah dalam penanganan tersebut.<o:p></o:p></span></p><p class=\"MsoNormal\" style=\"margin-bottom:0cm;text-align:justify;text-indent:\r\n1.0cm;line-height:normal\"><span style=\"font-size:12.0pt\">&nbsp;</span></p><p>\r\n\r\n\r\n\r\n\r\n\r\n\r\n\r\n\r\n\r\n\r\n\r\n\r\n\r\n\r\n\r\n\r\n\r\n</p><p class=\"MsoNormal\" style=\"margin-bottom:0cm;text-align:justify;text-indent:\r\n1.0cm;line-height:normal\"><span style=\"font-size:12.0pt\">Pj Bupati Kabupaten\r\nMurung Raya dalam melakukan aksi nyata di tengah banjir besar yang terjadi ini\r\njuga menginstruksi berbagai pihak terkait dalam jajaran Pemerintah Kabupaten\r\nMurung Raya untuk bergerak ke lapangan semaksimal mungkin membantu masyarakat yang\r\nterdampak banjir dengan siaga penuh dengan memberikan bantuan tanggap darurat\r\nmakanan maupun melakukan evakuasi masyarakat, lansia, orang sakit, anak-anak\r\ndan ibu hamil.&nbsp;<o:p></o:p></span></p>','&nbsp;Penjabat (Pj) Bupati\r\nKabupaten Murung Raya melakukan aksi nyata di tengah banjir besar yang terjadi\r\ndi Kabupaten Murung Raya pada bulan Januari 2024 dan bulan Oktober 2024 Silam.\r\nBerbagai masyarakat di desa maupun kelurahan terkena dan terdampak banjir\r\nbeliau sambangi tanpa kenal waktu mul...','assets/bpbd/post/thumb/IqMF1dbGmJ6H0unpJwyyPkztmJomdAUgE0o2yK9j.jpg','2024-12-04 06:26:28','2024-12-04 06:26:28',0);

--
-- Table structure for table `ppid_categories`
--

CREATE TABLE `ppid_categories` (
  `id` bigint unsigned NOT NULL AUTO_INCREMENT,
  `name` varchar(255) COLLATE utf8mb4_unicode_ci NOT NULL,
  `created_at` timestamp NULL DEFAULT NULL,
  `updated_at` timestamp NULL DEFAULT NULL,
  PRIMARY KEY (`id`)
) ENGINE=InnoDB DEFAULT CHARSET=utf8mb4 COLLATE=utf8mb4_unicode_ci;

--
-- Dumping data for table `ppid_categories`
--


--
-- Table structure for table `ppids`
--

CREATE TABLE `ppids` (
  `id` bigint unsigned NOT NULL AUTO_INCREMENT,
  `office_id` bigint unsigned NOT NULL,
  `ppid_category_id` bigint unsigned NOT NULL,
  `uuid` varchar(255) COLLATE utf8mb4_unicode_ci NOT NULL,
  `title` varchar(255) COLLATE utf8mb4_unicode_ci NOT NULL,
  `terbitkan_sebagai` varchar(255) COLLATE utf8mb4_unicode_ci NOT NULL,
  `jenis` varchar(255) COLLATE utf8mb4_unicode_ci NOT NULL,
  `type_file` varchar(255) COLLATE utf8mb4_unicode_ci NOT NULL DEFAULT 'text',
  `file` text COLLATE utf8mb4_unicode_ci NOT NULL,
  `status` enum('publikasi','rahasia') COLLATE utf8mb4_unicode_ci NOT NULL DEFAULT 'publikasi',
  `status_file` enum('ajukan','terima','tolak') COLLATE utf8mb4_unicode_ci NOT NULL DEFAULT 'ajukan',
  `didownload` int NOT NULL DEFAULT '0',
  `created_at` timestamp NULL DEFAULT NULL,
  `updated_at` timestamp NULL DEFAULT NULL,
  PRIMARY KEY (`id`),
  UNIQUE KEY `ppids_uuid_unique` (`uuid`),
  KEY `ppids_office_id_foreign` (`office_id`),
  KEY `ppids_ppid_category_id_foreign` (`ppid_category_id`),
  CONSTRAINT `ppids_office_id_foreign` FOREIGN KEY (`office_id`) REFERENCES `offices` (`id`) ON DELETE CASCADE ON UPDATE CASCADE,
  CONSTRAINT `ppids_ppid_category_id_foreign` FOREIGN KEY (`ppid_category_id`) REFERENCES `ppid_categories` (`id`) ON DELETE CASCADE ON UPDATE CASCADE
) ENGINE=InnoDB DEFAULT CHARSET=utf8mb4 COLLATE=utf8mb4_unicode_ci;

--
-- Dumping data for table `ppids`
--


--
-- Table structure for table `publications`
--

CREATE TABLE `publications` (
  `id` bigint unsigned NOT NULL AUTO_INCREMENT,
  `office_id` bigint unsigned NOT NULL,
  `uuid` varchar(255) COLLATE utf8mb4_unicode_ci NOT NULL,
  `name` varchar(255) COLLATE utf8mb4_unicode_ci NOT NULL,
  `file` text COLLATE utf8mb4_unicode_ci NOT NULL,
  `created_at` timestamp NULL DEFAULT NULL,
  `updated_at` timestamp NULL DEFAULT NULL,
  PRIMARY KEY (`id`),
  UNIQUE KEY `publications_uuid_unique` (`uuid`),
  KEY `publications_office_id_foreign` (`office_id`),
  CONSTRAINT `publications_office_id_foreign` FOREIGN KEY (`office_id`) REFERENCES `offices` (`id`) ON DELETE CASCADE ON UPDATE CASCADE
) ENGINE=InnoDB DEFAULT CHARSET=utf8mb4 COLLATE=utf8mb4_unicode_ci;

--
-- Dumping data for table `publications`
--


--
-- Table structure for table `riwayat_organisasi_pejabats`
--

CREATE TABLE `riwayat_organisasi_pejabats` (
  `id` bigint unsigned NOT NULL AUTO_INCREMENT,
  `uuid` char(36) COLLATE utf8mb4_unicode_ci NOT NULL,
  `pejabat_tapin_id` bigint unsigned NOT NULL,
  `organisasi` varchar(255) COLLATE utf8mb4_unicode_ci NOT NULL,
  `tahun_masuk` varchar(255) COLLATE utf8mb4_unicode_ci NOT NULL,
  `tahun_keluar` varchar(255) COLLATE utf8mb4_unicode_ci NOT NULL,
  `jabatan` varchar(255) COLLATE utf8mb4_unicode_ci NOT NULL,
  `created_at` timestamp NULL DEFAULT NULL,
  `updated_at` timestamp NULL DEFAULT NULL,
  PRIMARY KEY (`id`),
  KEY `riwayat_organisasi_pejabats_pejabat_tapin_id_foreign` (`pejabat_tapin_id`),
  CONSTRAINT `riwayat_organisasi_pejabats_pejabat_tapin_id_foreign` FOREIGN KEY (`pejabat_tapin_id`) REFERENCES `pejabat_tapins` (`id`) ON DELETE CASCADE ON UPDATE CASCADE
) ENGINE=InnoDB AUTO_INCREMENT=3 DEFAULT CHARSET=utf8mb4 COLLATE=utf8mb4_unicode_ci;

--
-- Dumping data for table `riwayat_organisasi_pejabats`
--

INSERT INTO `riwayat_organisasi_pejabats` VALUES (2,'e527beae-c22c-45fa-a678-106c4d804730',1,'PMI','2019','2020','Pengurus','2024-08-31 06:15:43','2024-08-31 06:15:43');

--
-- Table structure for table `riwayat_pekerjaan_pejabats`
--

CREATE TABLE `riwayat_pekerjaan_pejabats` (
  `id` bigint unsigned NOT NULL AUTO_INCREMENT,
  `uuid` char(36) COLLATE utf8mb4_unicode_ci NOT NULL,
  `pejabat_tapin_id` bigint unsigned NOT NULL,
  `pekerjaan` varchar(255) COLLATE utf8mb4_unicode_ci NOT NULL,
  `tahun_masuk` varchar(255) COLLATE utf8mb4_unicode_ci NOT NULL,
  `tahun_keluar` varchar(255) COLLATE utf8mb4_unicode_ci NOT NULL,
  `jabatan` varchar(255) COLLATE utf8mb4_unicode_ci NOT NULL,
  `created_at` timestamp NULL DEFAULT NULL,
  `updated_at` timestamp NULL DEFAULT NULL,
  PRIMARY KEY (`id`),
  KEY `riwayat_pekerjaan_pejabats_pejabat_tapin_id_foreign` (`pejabat_tapin_id`),
  CONSTRAINT `riwayat_pekerjaan_pejabats_pejabat_tapin_id_foreign` FOREIGN KEY (`pejabat_tapin_id`) REFERENCES `pejabat_tapins` (`id`) ON DELETE CASCADE ON UPDATE CASCADE
) ENGINE=InnoDB AUTO_INCREMENT=2 DEFAULT CHARSET=utf8mb4 COLLATE=utf8mb4_unicode_ci;

--
-- Dumping data for table `riwayat_pekerjaan_pejabats`
--

INSERT INTO `riwayat_pekerjaan_pejabats` VALUES (1,'4f371458-d18f-4d6a-b0ce-a18e44316853',1,'Sekretariat Daerah','2019','Sekarang','Sekretaris Daerah Kab. Murung Raya','2024-08-31 06:17:36','2024-08-31 06:17:36');

--
-- Table structure for table `riwayat_pendidikan_pejabats`
--

CREATE TABLE `riwayat_pendidikan_pejabats` (
  `id` bigint unsigned NOT NULL AUTO_INCREMENT,
  `uuid` char(36) COLLATE utf8mb4_unicode_ci NOT NULL,
  `pejabat_tapin_id` bigint unsigned NOT NULL,
  `sekolah` varchar(255) COLLATE utf8mb4_unicode_ci NOT NULL,
  `tahun_masuk` varchar(255) COLLATE utf8mb4_unicode_ci NOT NULL,
  `tahun_lulus` varchar(255) COLLATE utf8mb4_unicode_ci NOT NULL,
  `jenis_sekolah` varchar(255) COLLATE utf8mb4_unicode_ci NOT NULL,
  `created_at` timestamp NULL DEFAULT NULL,
  `updated_at` timestamp NULL DEFAULT NULL,
  PRIMARY KEY (`id`),
  KEY `riwayat_pendidikan_pejabats_pejabat_tapin_id_foreign` (`pejabat_tapin_id`),
  CONSTRAINT `riwayat_pendidikan_pejabats_pejabat_tapin_id_foreign` FOREIGN KEY (`pejabat_tapin_id`) REFERENCES `pejabat_tapins` (`id`) ON DELETE CASCADE ON UPDATE CASCADE
) ENGINE=InnoDB AUTO_INCREMENT=2 DEFAULT CHARSET=utf8mb4 COLLATE=utf8mb4_unicode_ci;

--
-- Dumping data for table `riwayat_pendidikan_pejabats`
--

INSERT INTO `riwayat_pendidikan_pejabats` VALUES (1,'1aff18d6-ee03-419f-be84-ba59672772bb',1,'test','2019','2000','SD','2024-08-31 06:13:32','2024-08-31 06:13:32');

--
-- Table structure for table `riwayat_penghargaan_pejabats`
--

CREATE TABLE `riwayat_penghargaan_pejabats` (
  `id` bigint unsigned NOT NULL AUTO_INCREMENT,
  `uuid` char(36) COLLATE utf8mb4_unicode_ci NOT NULL,
  `pejabat_tapin_id` bigint unsigned NOT NULL,
  `penghargaan` varchar(255) COLLATE utf8mb4_unicode_ci NOT NULL,
  `tahun` varchar(255) COLLATE utf8mb4_unicode_ci NOT NULL,
  `lembaga` varchar(255) COLLATE utf8mb4_unicode_ci NOT NULL,
  `created_at` timestamp NULL DEFAULT NULL,
  `updated_at` timestamp NULL DEFAULT NULL,
  PRIMARY KEY (`id`),
  KEY `riwayat_penghargaan_pejabats_pejabat_tapin_id_foreign` (`pejabat_tapin_id`),
  CONSTRAINT `riwayat_penghargaan_pejabats_pejabat_tapin_id_foreign` FOREIGN KEY (`pejabat_tapin_id`) REFERENCES `pejabat_tapins` (`id`) ON DELETE CASCADE ON UPDATE CASCADE
) ENGINE=InnoDB AUTO_INCREMENT=2 DEFAULT CHARSET=utf8mb4 COLLATE=utf8mb4_unicode_ci;

--
-- Dumping data for table `riwayat_penghargaan_pejabats`
--

INSERT INTO `riwayat_penghargaan_pejabats` VALUES (1,'3bde6810-2801-493d-87bd-38a9aac30a50',1,'Setya Lencana XXX','2024','BKN','2024-08-31 06:18:41','2024-08-31 06:18:41');

--
-- Table structure for table `sejarah_pembentukans`
--

CREATE TABLE `sejarah_pembentukans` (
  `id` bigint unsigned NOT NULL AUTO_INCREMENT,
  `office_id` bigint unsigned NOT NULL,
  `body` longtext COLLATE utf8mb4_unicode_ci NOT NULL,
  `image` text COLLATE utf8mb4_unicode_ci,
  `created_at` timestamp NULL DEFAULT NULL,
  `updated_at` timestamp NULL DEFAULT NULL,
  PRIMARY KEY (`id`),
  KEY `sejarah_pembentukans_office_id_foreign` (`office_id`),
  CONSTRAINT `sejarah_pembentukans_office_id_foreign` FOREIGN KEY (`office_id`) REFERENCES `offices` (`id`) ON DELETE CASCADE ON UPDATE CASCADE
) ENGINE=InnoDB AUTO_INCREMENT=3 DEFAULT CHARSET=utf8mb4 COLLATE=utf8mb4_unicode_ci;

--
-- Dumping data for table `sejarah_pembentukans`
--

INSERT INTO `sejarah_pembentukans` VALUES (1,6,'<p><strong>Lorem Ipsum</strong> is simply dummy text of the printing and \r\ntypesetting industry. Lorem Ipsum has been the industry\'s standard dummy\r\n text ever since the 1500s, when an unknown printer took a galley of \r\ntype and scrambled it to make a type specimen book. It has survived not \r\nonly five centuries, but also the leap into electronic typesetting, \r\nremaining essentially unchanged. It was popularised in the 1960s with \r\nthe release of Letraset sheets containing Lorem Ipsum passages, and more\r\n recently with desktop publishing software like Aldus PageMaker \r\nincluding versions of Lorem Ipsum.</p>','assets/diskominfo/sejarah-pembentukan/2hsZeIcY5bnQYnjt0OsBXdhqr8XdetN07zptuKVm.jpg','2024-08-31 06:41:33','2024-09-09 06:29:51'),(2,17,'<p class=\"MsoNormal\" style=\"margin-bottom:0cm;text-align:justify;text-indent:\r\n1.0cm;line-height:normal\">Badan Penanggulangan Bencana Daerah (BPBD) Kabupaten\r\nMurung Raya dibentuk berdasarkan Peraturan Daerah Kabupaten Murung Raya Nomor\r\n11 Tahun 2014 tentang Pembentukan Badan Penanggulangan Bencana Daerah (Lembaran\r\nDaerah Kabupaten Murung Raya Tahun 2014 Nomor 146, Tambahan Lembaran Daerah\r\nNomor 16).<o:p></o:p></p><p class=\"MsoNormal\" style=\"margin-bottom:0cm;text-align:justify;text-indent:\r\n1.0cm;line-height:normal\"><o:p>&nbsp;</o:p></p><p class=\"MsoNormal\" style=\"margin-bottom:0cm;text-align:justify;text-indent:\r\n1.0cm;line-height:normal\"><span style=\"text-indent: 1cm;\">Pada Peraturan Bupati Nomor 72 Tahun 2022 tentang\r\nTentang Kedudukan, Susunan Organisasi, Tugas, Fungsi Dan Tata Kerja Badan\r\nPenanggulangan Bencana Daerah Kabupaten Murung Raya pada Bab II, Pasal 2 yakni\r\n:</span></p><p class=\"MsoListParagraphCxSpFirst\" style=\"margin-top:0cm;margin-right:0cm;\r\nmargin-bottom:0cm;margin-left:2.0cm;mso-add-space:auto;text-align:justify;\r\ntext-indent:-1.0cm;line-height:normal;mso-list:l0 level1 lfo1;tab-stops:2.0cm\"><!--[if !supportLists]-->(1)<span style=\"font-variant-numeric: normal; font-variant-east-asian: normal; font-variant-alternates: normal; font-size-adjust: none; font-kerning: auto; font-optical-sizing: auto; font-feature-settings: normal; font-variation-settings: normal; font-variant-position: normal; font-variant-emoji: normal; font-stretch: normal; font-size: 7pt; line-height: normal; font-family: &quot;Times New Roman&quot;;\">&nbsp;&nbsp;&nbsp;&nbsp;&nbsp;&nbsp;&nbsp;&nbsp;&nbsp;&nbsp;\r\n</span><!--[endif]-->BPBD merupakan unsur pelaksana Urusan\r\nPemerintahan bidang penanggulangan bencana daerah yang menjadi kewenangan\r\ndaerah.<o:p></o:p></p><p class=\"MsoListParagraphCxSpMiddle\" style=\"margin-top:0cm;margin-right:0cm;\r\nmargin-bottom:0cm;margin-left:2.0cm;mso-add-space:auto;text-align:justify;\r\nline-height:normal;tab-stops:2.0cm\"><o:p>&nbsp;</o:p></p><p class=\"MsoListParagraphCxSpLast\" style=\"margin-top:0cm;margin-right:0cm;\r\nmargin-bottom:0cm;margin-left:2.0cm;mso-add-space:auto;text-align:justify;\r\ntext-indent:-1.0cm;line-height:normal;mso-list:l0 level1 lfo1;tab-stops:2.0cm\"><!--[if !supportLists]-->(2)<span style=\"font-variant-numeric: normal; font-variant-east-asian: normal; font-variant-alternates: normal; font-size-adjust: none; font-kerning: auto; font-optical-sizing: auto; font-feature-settings: normal; font-variation-settings: normal; font-variant-position: normal; font-variant-emoji: normal; font-stretch: normal; font-size: 7pt; line-height: normal; font-family: &quot;Times New Roman&quot;;\">&nbsp;&nbsp;&nbsp;&nbsp;&nbsp;&nbsp;&nbsp;&nbsp;&nbsp;&nbsp;\r\n</span><!--[endif]-->BPBD sebagaimana dimaksud&nbsp; pada ayat (1) dipimpin oleh Kepala Badan yang\r\nberkedudukan di bawah dan bertanggung jawab kepada Bupati melalui Sekretaris\r\nDaerah.<o:p></o:p></p><p class=\"MsoNormal\" style=\"margin-bottom:0cm;line-height:normal\"><o:p>&nbsp;</o:p></p><p class=\"MsoNormal\" style=\"margin-bottom:0cm;text-align:justify;text-indent:\r\n1.0cm;line-height:normal\">Pada Peraturan Bupati Nomor 72 Tahun 2022 ini juga\r\ncantum tentang Susunan Organisasi Badan Penanggulangan Bencana Daerah Kabupaten\r\nMurung Raya pada Bab II, Pasal 3 yakni :<o:p></o:p></p><p class=\"MsoNormal\" style=\"margin-bottom:0cm;line-height:normal\">&nbsp;<o:p></o:p></p><p class=\"MsoNormal\" style=\"margin-top:0cm;margin-right:0cm;margin-bottom:0cm;\r\nmargin-left:21.3pt;text-indent:-21.3pt;line-height:normal;tab-stops:21.3pt\">(1)&nbsp;&nbsp; Susunan Organisasi Badan Penanggulangan\r\nBencana Daerah terdiri dari :<o:p></o:p></p><p class=\"MsoNormal\" style=\"margin-top:0cm;margin-right:0cm;margin-bottom:0cm;\r\nmargin-left:21.3pt;text-indent:-21.3pt;line-height:normal;tab-stops:21.3pt\">&nbsp;&nbsp;&nbsp;&nbsp;&nbsp;&nbsp;&nbsp;&nbsp; 1. Kepala Badan;<o:p></o:p></p><p class=\"MsoNormal\" style=\"margin-top:0cm;margin-right:0cm;margin-bottom:0cm;\r\nmargin-left:21.3pt;text-indent:-21.3pt;line-height:normal;tab-stops:21.3pt\">&nbsp;&nbsp;&nbsp;&nbsp;&nbsp;&nbsp;&nbsp;&nbsp; 2. Unsur Pengarah;<o:p></o:p></p><p class=\"MsoNormal\" style=\"margin-top:0cm;margin-right:0cm;margin-bottom:0cm;\r\nmargin-left:21.3pt;text-indent:-21.3pt;line-height:normal;tab-stops:21.3pt\">&nbsp;&nbsp;&nbsp;&nbsp;&nbsp;&nbsp;&nbsp;&nbsp; 3. Kepala Pelaksana;<o:p></o:p></p><p class=\"MsoNormal\" style=\"margin-top:0cm;margin-right:0cm;margin-bottom:0cm;\r\nmargin-left:21.3pt;text-indent:-21.3pt;line-height:normal;tab-stops:21.3pt\">&nbsp;&nbsp;&nbsp;&nbsp;&nbsp;&nbsp;&nbsp;&nbsp; 4. Sekretariat, membawahkan :<o:p></o:p></p><p class=\"MsoNormal\" style=\"margin-top:0cm;margin-right:0cm;margin-bottom:0cm;\r\nmargin-left:21.3pt;text-indent:-21.3pt;line-height:normal;tab-stops:21.3pt\">&nbsp;&nbsp;&nbsp;&nbsp;&nbsp;&nbsp;&nbsp;&nbsp;&nbsp;&nbsp;&nbsp;&nbsp;&nbsp;&nbsp;&nbsp; a. Subbagian Umum dan\r\nKepegawaian; dan<o:p></o:p></p><p class=\"MsoNormal\" style=\"margin-top:0cm;margin-right:0cm;margin-bottom:0cm;\r\nmargin-left:21.3pt;text-indent:-21.3pt;line-height:normal;tab-stops:21.3pt\">&nbsp;&nbsp;&nbsp;&nbsp;&nbsp;&nbsp;&nbsp;&nbsp;&nbsp;&nbsp;&nbsp;&nbsp;&nbsp;&nbsp;&nbsp; b. Subbagian Keuangan;<o:p></o:p></p><p class=\"MsoNormal\" style=\"margin-top:0cm;margin-right:0cm;margin-bottom:0cm;\r\nmargin-left:21.3pt;text-indent:-21.3pt;line-height:normal;tab-stops:21.3pt\">&nbsp;&nbsp;&nbsp;&nbsp;&nbsp;&nbsp;&nbsp;&nbsp; <o:p></o:p></p><p class=\"MsoNormal\" style=\"margin-top:0cm;margin-right:0cm;margin-bottom:0cm;\r\nmargin-left:21.3pt;text-indent:-21.3pt;line-height:normal;tab-stops:21.3pt\">&nbsp;&nbsp;&nbsp;&nbsp;&nbsp;&nbsp;&nbsp;&nbsp; 5. Bidang Pencegahan dan Kesiapsiagaan,\r\nmembawahkan :<o:p></o:p></p><p class=\"MsoNormal\" style=\"margin-top:0cm;margin-right:0cm;margin-bottom:0cm;\r\nmargin-left:21.3pt;text-indent:-21.3pt;line-height:normal;tab-stops:21.3pt\">&nbsp;&nbsp;&nbsp;&nbsp;&nbsp;&nbsp;&nbsp;&nbsp;&nbsp;&nbsp;&nbsp;&nbsp;&nbsp;&nbsp;&nbsp; a. Seksi Pencegahan; dan<o:p></o:p></p><p class=\"MsoNormal\" style=\"margin-top:0cm;margin-right:0cm;margin-bottom:0cm;\r\nmargin-left:21.3pt;text-indent:-21.3pt;line-height:normal;tab-stops:21.3pt\">&nbsp;&nbsp;&nbsp;&nbsp;&nbsp;&nbsp;&nbsp;&nbsp;&nbsp;&nbsp;&nbsp;&nbsp;&nbsp;&nbsp;&nbsp; b. Seksi Kesiapsiagaan;<o:p></o:p></p><p class=\"MsoNormal\" style=\"margin-top:0cm;margin-right:0cm;margin-bottom:0cm;\r\nmargin-left:21.3pt;text-indent:-21.3pt;line-height:normal;tab-stops:21.3pt\">&nbsp;<o:p></o:p></p><p class=\"MsoNormal\" style=\"margin-top:0cm;margin-right:0cm;margin-bottom:0cm;\r\nmargin-left:21.3pt;text-indent:-21.3pt;line-height:normal;tab-stops:21.3pt\">&nbsp;&nbsp;&nbsp;&nbsp;&nbsp;&nbsp;&nbsp;&nbsp; 6. Bidang Kedaruratan dan Logistik,\r\nmembawahkan :<o:p></o:p></p><p class=\"MsoNormal\" style=\"margin-top:0cm;margin-right:0cm;margin-bottom:0cm;\r\nmargin-left:21.3pt;text-indent:-21.3pt;line-height:normal;tab-stops:21.3pt\">&nbsp;&nbsp;&nbsp;&nbsp;&nbsp;&nbsp;&nbsp;&nbsp;&nbsp;&nbsp;&nbsp;&nbsp;&nbsp;&nbsp;&nbsp; a. Seksi Kedaruratan; dan<o:p></o:p></p><p class=\"MsoNormal\" style=\"margin-top:0cm;margin-right:0cm;margin-bottom:0cm;\r\nmargin-left:21.3pt;text-indent:-21.3pt;line-height:normal;tab-stops:21.3pt\">&nbsp;&nbsp;&nbsp;&nbsp;&nbsp;&nbsp;&nbsp;&nbsp;&nbsp;&nbsp;&nbsp;&nbsp;&nbsp;&nbsp;&nbsp; b. Seksi Logistik;<o:p></o:p></p><p class=\"MsoNormal\" style=\"margin-top:0cm;margin-right:0cm;margin-bottom:0cm;\r\nmargin-left:21.3pt;text-indent:-21.3pt;line-height:normal;tab-stops:21.3pt\"><o:p>&nbsp;</o:p></p><p class=\"MsoNormal\" style=\"margin-top:0cm;margin-right:0cm;margin-bottom:0cm;\r\nmargin-left:21.3pt;text-indent:-21.3pt;line-height:normal;tab-stops:21.3pt\">&nbsp;&nbsp;&nbsp;&nbsp;&nbsp;&nbsp;&nbsp;&nbsp; 7. Bidang Rehabilitasi dan\r\nRekonstruksi, membawahkan :<o:p></o:p></p><p class=\"MsoNormal\" style=\"margin-top:0cm;margin-right:0cm;margin-bottom:0cm;\r\nmargin-left:21.3pt;text-indent:-21.3pt;line-height:normal;tab-stops:21.3pt\">&nbsp;&nbsp;&nbsp;&nbsp;&nbsp;&nbsp;&nbsp;&nbsp;&nbsp;&nbsp;&nbsp;&nbsp;&nbsp;&nbsp;&nbsp; a. Seksi Rehabilitasi; dan<o:p></o:p></p><p class=\"MsoNormal\" style=\"margin-top:0cm;margin-right:0cm;margin-bottom:0cm;\r\nmargin-left:21.3pt;text-indent:-21.3pt;line-height:normal;tab-stops:21.3pt\">&nbsp;&nbsp;&nbsp;&nbsp;&nbsp;&nbsp;&nbsp;&nbsp;&nbsp;&nbsp;&nbsp;&nbsp;&nbsp;&nbsp;&nbsp; b. Seksi Rekonstruksi; dan<o:p></o:p></p><p class=\"MsoNormal\" style=\"margin-top:0cm;margin-right:0cm;margin-bottom:0cm;\r\nmargin-left:21.3pt;text-indent:-21.3pt;line-height:normal;tab-stops:21.3pt\"><o:p>&nbsp;</o:p></p><p>\r\n\r\n\r\n\r\n\r\n\r\n\r\n\r\n\r\n\r\n\r\n\r\n\r\n\r\n\r\n\r\n\r\n\r\n\r\n\r\n\r\n\r\n\r\n\r\n\r\n\r\n\r\n\r\n\r\n\r\n\r\n\r\n\r\n\r\n\r\n\r\n\r\n\r\n\r\n\r\n\r\n\r\n\r\n\r\n\r\n\r\n\r\n\r\n\r\n\r\n\r\n\r\n\r\n\r\n\r\n\r\n\r\n\r\n\r\n\r\n\r\n\r\n</p><p class=\"MsoNormal\" style=\"margin-top:0cm;margin-right:0cm;margin-bottom:0cm;\r\nmargin-left:21.3pt;text-indent:-21.3pt;line-height:normal;tab-stops:21.3pt\">&nbsp;&nbsp;&nbsp;&nbsp;&nbsp;&nbsp;&nbsp;&nbsp; 8. Kelompok Jabatan Fungsional<o:p></o:p></p>','assets/bpbd/sejarah-pembentukan/ExkYsPNGBcNiwZR2wjbTnEbubFTW6Bsjx9Mtb3r6.png','2024-12-03 05:01:39','2024-12-03 05:01:39');

--
-- Table structure for table `sessions`
--

CREATE TABLE `sessions` (
  `id` varchar(255) COLLATE utf8mb4_unicode_ci NOT NULL,
  `user_id` bigint unsigned DEFAULT NULL,
  `ip_address` varchar(45) COLLATE utf8mb4_unicode_ci DEFAULT NULL,
  `user_agent` text COLLATE utf8mb4_unicode_ci,
  `payload` text COLLATE utf8mb4_unicode_ci NOT NULL,
  `last_activity` int NOT NULL,
  PRIMARY KEY (`id`),
  KEY `sessions_user_id_index` (`user_id`),
  KEY `sessions_last_activity_index` (`last_activity`)
) ENGINE=InnoDB DEFAULT CHARSET=utf8mb4 COLLATE=utf8mb4_unicode_ci;

--
-- Dumping data for table `sessions`
--

INSERT INTO `sessions` VALUES ('4aEeFr5kdCNPWHa3inBwDRFJ9n39DCoVZWyikonY',12,'10.193.168.220','Mozilla/5.0 (Macintosh; Intel Mac OS X 10_15_7) AppleWebKit/537.36 (KHTML, like Gecko) Chrome/131.0.0.0 Safari/537.36','YTo1OntzOjY6Il90b2tlbiI7czo0MDoiZE90NGI4ZVAwanRoRVZHWVM2dGVGV1NCR0hZQm1YeEQ1SjZ6QVZhbSI7czo5OiJfcHJldmlvdXMiO2E6MTp7czozOiJ1cmwiO3M6NTQ6Imh0dHA6Ly9kaXNrb21pbmZvLndlYi5tdXJ1bmdyYXlha2FiLmdvLmlkL3YxL3N1YmRvbWFpbiI7fXM6NjoiX2ZsYXNoIjthOjI6e3M6Mzoib2xkIjthOjA6e31zOjM6Im5ldyI7YTowOnt9fXM6NTA6ImxvZ2luX3dlYl81OWJhMzZhZGRjMmIyZjk0MDE1ODBmMDE0YzdmNThlYTRlMzA5ODlkIjtpOjEyO3M6MjE6InBhc3N3b3JkX2hhc2hfc2FuY3R1bSI7czo2MDoiJDJ5JDEwJDZrY041TDJhV0ZJVnNicjEzREhESE9NS0hjN3RjTGFJbUdQZ2picUYuQlA5cXAvZFkvV3dhIjt9',1734612496),('5G23Phn8VI8y6PRU9nl5DSMx4VDEOusRxIIn0PJb',NULL,'10.193.168.220','Mozilla/5.0 (Macintosh; Intel Mac OS X 10_15_7) AppleWebKit/537.36 (KHTML, like Gecko) Chrome/131.0.0.0 Safari/537.36','YTozOntzOjY6Il90b2tlbiI7czo0MDoicGdjd1l5NmYxQWpsUGNyR05FNjN0Z0g0OW45ZHBWc3k0QlhudjlBSyI7czo5OiJfcHJldmlvdXMiO2E6MTp7czozOiJ1cmwiO3M6MzM6Imh0dHA6Ly9wb3J0YWwubXVydW5ncmF5YWthYi5nby5pZCI7fXM6NjoiX2ZsYXNoIjthOjI6e3M6Mzoib2xkIjthOjA6e31zOjM6Im5ldyI7YTowOnt9fX0=',1734612078),('Ecv6Ca9CyNXjhEkh3l4x7IYdinzxxdoRBetLGG2N',NULL,'10.193.168.220','Mozilla/5.0 (Macintosh; Intel Mac OS X 10_15_7) AppleWebKit/537.36 (KHTML, like Gecko) Chrome/131.0.0.0 Safari/537.36','YTozOntzOjY6Il90b2tlbiI7czo0MDoiSTVJUWE1eW9zcWRyekFiZnVGcVpqc0N6NnBGSVhlMUc5VUtFZnZDWSI7czo5OiJfcHJldmlvdXMiO2E6MTp7czozOiJ1cmwiO3M6NDI6Imh0dHA6Ly9kaXNkdWtjYXBpbC53ZWIubXVydW5ncmF5YWthYi5nby5pZCI7fXM6NjoiX2ZsYXNoIjthOjI6e3M6Mzoib2xkIjthOjA6e31zOjM6Im5ldyI7YTowOnt9fX0=',1734612131),('Eg0dhairAIZuzW1wq3awgB1GYsoi5jIVT8cryA6y',NULL,'10.193.168.220','Mozilla/5.0 (Windows NT 10.0; Win64; x64) AppleWebKit/537.36 (KHTML, like Gecko) Chrome/131.0.0.0 Safari/537.36','YTozOntzOjY6Il90b2tlbiI7czo0MDoiRExyekVNSmxqblA2dDFLTUExTkxyZzFBckZnRXRHeFcydlRhcWhuNiI7czo5OiJfcHJldmlvdXMiO2E6MTp7czozOiJ1cmwiO3M6Mzk6Imh0dHA6Ly9wb3J0YWwubXVydW5ncmF5YWthYi5nby5pZC9sb2dpbiI7fXM6NjoiX2ZsYXNoIjthOjI6e3M6Mzoib2xkIjthOjA6e31zOjM6Im5ldyI7YTowOnt9fX0=',1734612505),('EhmFHvJnn9iJY9RoJP5pW6mjhRliJM1DDf3CRmOt',NULL,'10.193.168.220','Mozilla/5.0 (Macintosh; Intel Mac OS X 10_15_7) AppleWebKit/537.36 (KHTML, like Gecko) Chrome/131.0.0.0 Safari/537.36','YTozOntzOjY6Il90b2tlbiI7czo0MDoicUtUTkRxZFpDVU1MYnVRUW9ndTZGMklQbWd1U1hvNldCbWpobHhTWSI7czo5OiJfcHJldmlvdXMiO2E6MTp7czozOiJ1cmwiO3M6Mzg6Imh0dHA6Ly9rZWMtdHNzLndlYi5tdXJ1bmdyYXlha2FiLmdvLmlkIjt9czo2OiJfZmxhc2giO2E6Mjp7czozOiJvbGQiO2E6MDp7fXM6MzoibmV3IjthOjA6e319fQ==',1734612339),('faWYmFzmaCmGtPPDD7otlA1NU7YNif9vuKyqEwze',NULL,'10.193.168.220','Mozilla/5.0 (Windows NT 10.0; Win64; x64) AppleWebKit/537.36 (KHTML, like Gecko) Chrome/131.0.0.0 Safari/537.36','YTozOntzOjY6Il90b2tlbiI7czo0MDoiZzVIMmxKMjIxZ2ZlZ09vSm5uekhHSUVlTVVQTU5pM29nNFBFWVJjaiI7czo5OiJfcHJldmlvdXMiO2E6MTp7czozOiJ1cmwiO3M6Mzg6Imh0dHA6Ly9rZWMtdHNzLndlYi5tdXJ1bmdyYXlha2FiLmdvLmlkIjt9czo2OiJfZmxhc2giO2E6Mjp7czozOiJvbGQiO2E6MDp7fXM6MzoibmV3IjthOjA6e319fQ==',1734612139),('GMsjtNZzMHFKRjBjWbxmdxfREKUVosfB5z6lyoBO',NULL,'10.193.168.220','Mozilla/5.0 (Macintosh; Intel Mac OS X 10_15_7) AppleWebKit/537.36 (KHTML, like Gecko) Chrome/131.0.0.0 Safari/537.36','YTozOntzOjY6Il90b2tlbiI7czo0MDoiMlRpNlIyZWp5Rkx4ZFpGWmFiOVZRV1diVVR1V2d0eGNRcTd1WlRpZiI7czo5OiJfcHJldmlvdXMiO2E6MTp7czozOiJ1cmwiO3M6ODc6Imh0dHA6Ly9kcG1wdHNwLndlYi5tdXJ1bmdyYXlha2FiLmdvLmlkL2Jlcml0YS8yNGJlYjFhZC1iYzNkLTRkYTYtYTM4NS01YTkwMWJkMTkyNmYvc2hvdyI7fXM6NjoiX2ZsYXNoIjthOjI6e3M6Mzoib2xkIjthOjA6e31zOjM6Im5ldyI7YTowOnt9fX0=',1734612292),('heRNK7S7SwsS6R5fDGwhZpXQQA7hyqUJRojIBVjP',NULL,'10.193.168.220','Mozilla/5.0 (Macintosh; Intel Mac OS X 10_15_7) AppleWebKit/537.36 (KHTML, like Gecko) Chrome/131.0.0.0 Safari/537.36','YTozOntzOjY6Il90b2tlbiI7czo0MDoid014YzVDc3VvcDhMbkVuWmU1bDlDaWlhS0JZcHh3OFN3bThXdWZSRCI7czo5OiJfcHJldmlvdXMiO2E6MTp7czozOiJ1cmwiO3M6Mzg6Imh0dHA6Ly9iYXBlbmRhLndlYi5tdXJ1bmdyYXlha2FiLmdvLmlkIjt9czo2OiJfZmxhc2giO2E6Mjp7czozOiJvbGQiO2E6MDp7fXM6MzoibmV3IjthOjA6e319fQ==',1734612121),('jnpQPc8wsqLGI4lWGF9iJsYuFMGm54dCU3BYHtfj',12,'10.193.168.220','Mozilla/5.0 (Windows NT 10.0; Win64; x64) AppleWebKit/537.36 (KHTML, like Gecko) Chrome/131.0.0.0 Safari/537.36','YTo1OntzOjY6Il90b2tlbiI7czo0MDoid1ltNW9BYVFkQjN1VGNoS0V6c0hXMGJnMzhoV0JzOUVIQmZRV2c1cyI7czo5OiJfcHJldmlvdXMiO2E6MTp7czozOiJ1cmwiO3M6NTQ6Imh0dHA6Ly9kaXNrb21pbmZvLndlYi5tdXJ1bmdyYXlha2FiLmdvLmlkL3YxL3N1YmRvbWFpbiI7fXM6NjoiX2ZsYXNoIjthOjI6e3M6Mzoib2xkIjthOjA6e31zOjM6Im5ldyI7YTowOnt9fXM6NTA6ImxvZ2luX3dlYl81OWJhMzZhZGRjMmIyZjk0MDE1ODBmMDE0YzdmNThlYTRlMzA5ODlkIjtpOjEyO3M6MjE6InBhc3N3b3JkX2hhc2hfc2FuY3R1bSI7czo2MDoiJDJ5JDEwJDZrY041TDJhV0ZJVnNicjEzREhESE9NS0hjN3RjTGFJbUdQZ2picUYuQlA5cXAvZFkvV3dhIjt9',1734612585),('phy2gYfOTLVBCPEvIzHLb0tIegBQ96qwv15fiOGD',NULL,'10.193.168.220','Mozilla/5.0 (Macintosh; Intel Mac OS X 10_15_7) AppleWebKit/537.36 (KHTML, like Gecko) Chrome/131.0.0.0 Safari/537.36','YTozOntzOjY6Il90b2tlbiI7czo0MDoiOElWaEt1THY3TEZXbVd3SWd2OWFhZ1ZBMU5QYmFBZFhTVExFY3kyZSI7czo5OiJfcHJldmlvdXMiO2E6MTp7czozOiJ1cmwiO3M6NDI6Imh0dHA6Ly9kaXN0cmFuYWtlci53ZWIubXVydW5ncmF5YWthYi5nby5pZCI7fXM6NjoiX2ZsYXNoIjthOjI6e3M6Mzoib2xkIjthOjA6e31zOjM6Im5ldyI7YTowOnt9fX0=',1734612329),('U9HAeuNkitbkvzO1cPq5ACo5AWKIscZ3XjP95D1N',NULL,'10.193.168.220','Mozilla/5.0 (Linux; Android 10; K) AppleWebKit/537.36 (KHTML, like Gecko) Chrome/131.0.0.0 Mobile Safari/537.36','YTozOntzOjY6Il90b2tlbiI7czo0MDoiR0llVjc5a2VBZGNzWlZmOHRxemNFMVRSU2lXRDZiSzk1VnFkSjg3QSI7czo5OiJfcHJldmlvdXMiO2E6MTp7czozOiJ1cmwiO3M6NTQ6Imh0dHA6Ly9kaXNrb21pbmZvLndlYi5tdXJ1bmdyYXlha2FiLmdvLmlkL3ZpZGVvLWdhbGVyaSI7fXM6NjoiX2ZsYXNoIjthOjI6e3M6Mzoib2xkIjthOjA6e31zOjM6Im5ldyI7YTowOnt9fX0=',1734613318),('Uf6eJGAVT4nadilQLoOaJzR9QBFNCDQQgLV5gKqn',NULL,'10.193.168.220','Mozilla/5.0 (Macintosh; Intel Mac OS X 10_15_7) AppleWebKit/537.36 (KHTML, like Gecko) Chrome/131.0.0.0 Safari/537.36','YTozOntzOjY6Il90b2tlbiI7czo0MDoieDRRcmY5bWJUdHZsaEZuU0t0RTRsYXBKRWx6bGRFcW5raTBySktiMiI7czo5OiJfcHJldmlvdXMiO2E6MTp7czozOiJ1cmwiO3M6MzU6Imh0dHA6Ly9icGJkLndlYi5tdXJ1bmdyYXlha2FiLmdvLmlkIjt9czo2OiJfZmxhc2giO2E6Mjp7czozOiJvbGQiO2E6MDp7fXM6MzoibmV3IjthOjA6e319fQ==',1734612092),('vezWwJBFYcuC96hmH0vTgIbV59JxSmsnZDP5uRUv',NULL,'10.193.168.220','Mozilla/5.0 (CentOS; Linux i686) AppleWebKit/537.36 (KHTML, like Gecko) Chrome/124.0.0.0 Safari/537.36','YTozOntzOjY6Il90b2tlbiI7czo0MDoiajRtSEFwTkJ3N1RLYVprVXlOckdCTXB2ek93dkRSOTNpVkZPTGppYSI7czo5OiJfcHJldmlvdXMiO2E6MTp7czozOiJ1cmwiO3M6NDk6Imh0dHA6Ly9wb3J0YWwubXVydW5ncmF5YWthYi5nby5pZC9pbmRleC5waHAvbG9naW4iO31zOjY6Il9mbGFzaCI7YToyOntzOjM6Im9sZCI7YTowOnt9czozOiJuZXciO2E6MDp7fX19',1734608873),('Vit30aVN9N7q84YIfBtHiyOJHVrykB8TZMfowgHe',NULL,'10.193.168.220','Mozilla/5.0 (Windows NT 10.0; Win64; x64) AppleWebKit/537.36 (KHTML, like Gecko) Chrome/131.0.0.0 Safari/537.36','YTozOntzOjY6Il90b2tlbiI7czo0MDoiQzlxMEluelRwVFFGd0Nqd2xWbnIxTzl2dTBRQnFUY0Q3cUlIVENLbiI7czo5OiJfcHJldmlvdXMiO2E6MTp7czozOiJ1cmwiO3M6NDI6Imh0dHA6Ly9kaXN0cmFuYWtlci53ZWIubXVydW5ncmF5YWthYi5nby5pZCI7fXM6NjoiX2ZsYXNoIjthOjI6e3M6Mzoib2xkIjthOjA6e31zOjM6Im5ldyI7YTowOnt9fX0=',1734612121);

--
-- Table structure for table `sliders`
--

CREATE TABLE `sliders` (
  `id` bigint unsigned NOT NULL AUTO_INCREMENT,
  `office_id` bigint unsigned NOT NULL,
  `image` text COLLATE utf8mb4_unicode_ci NOT NULL,
  `is_active` int NOT NULL,
  `created_at` timestamp NULL DEFAULT NULL,
  `updated_at` timestamp NULL DEFAULT NULL,
  PRIMARY KEY (`id`),
  KEY `sliders_office_id_foreign` (`office_id`),
  CONSTRAINT `sliders_office_id_foreign` FOREIGN KEY (`office_id`) REFERENCES `offices` (`id`) ON DELETE CASCADE ON UPDATE CASCADE
) ENGINE=InnoDB AUTO_INCREMENT=6 DEFAULT CHARSET=utf8mb4 COLLATE=utf8mb4_unicode_ci;

--
-- Dumping data for table `sliders`
--

INSERT INTO `sliders` VALUES (1,6,'assets/diskominfo/slider/Ue7ITuAMvuFQWMu7g7giQw2mU0dnIs9k5y71rO30.png',1,'2024-08-31 06:33:29','2024-10-15 03:59:20');

--
-- Table structure for table `theme_galleries`
--

CREATE TABLE `theme_galleries` (
  `id` bigint unsigned NOT NULL AUTO_INCREMENT,
  `uuid` char(36) COLLATE utf8mb4_unicode_ci NOT NULL,
  `slug` varchar(255) COLLATE utf8mb4_unicode_ci NOT NULL,
  `name` varchar(255) COLLATE utf8mb4_unicode_ci NOT NULL,
  `description` longtext COLLATE utf8mb4_unicode_ci,
  `image` text COLLATE utf8mb4_unicode_ci NOT NULL,
  `created_at` timestamp NULL DEFAULT NULL,
  `updated_at` timestamp NULL DEFAULT NULL,
  PRIMARY KEY (`id`)
) ENGINE=InnoDB AUTO_INCREMENT=2 DEFAULT CHARSET=utf8mb4 COLLATE=utf8mb4_unicode_ci;

--
-- Dumping data for table `theme_galleries`
--

INSERT INTO `theme_galleries` VALUES (1,'ada5aed4-599e-11ed-804f-f121d1b51650','tema_bawaan','Tema Bawaan','Tema Bawaan','default.png',NULL,NULL);

--
-- Table structure for table `themes`
--

CREATE TABLE `themes` (
  `id` bigint unsigned NOT NULL AUTO_INCREMENT,
  `office_id` bigint unsigned NOT NULL,
  `primary` varchar(255) COLLATE utf8mb4_unicode_ci DEFAULT NULL,
  `secondary` varchar(255) COLLATE utf8mb4_unicode_ci DEFAULT NULL,
  `created_at` timestamp NULL DEFAULT NULL,
  `updated_at` timestamp NULL DEFAULT NULL,
  PRIMARY KEY (`id`),
  KEY `themes_office_id_foreign` (`office_id`),
  CONSTRAINT `themes_office_id_foreign` FOREIGN KEY (`office_id`) REFERENCES `offices` (`id`) ON DELETE CASCADE ON UPDATE CASCADE
) ENGINE=InnoDB AUTO_INCREMENT=4 DEFAULT CHARSET=utf8mb4 COLLATE=utf8mb4_unicode_ci;

--
-- Dumping data for table `themes`
--

INSERT INTO `themes` VALUES (1,6,'#3d4aad','#1303d3','2024-08-31 09:03:45','2024-08-31 09:05:04'),(2,13,'#000000','#3a52f3','2024-09-27 05:43:34','2024-09-28 07:01:33'),(3,17,'#ecc05f','#f4cc3e','2024-12-04 02:40:14','2024-12-04 02:40:14');

--
-- Table structure for table `tupoksis`
--

CREATE TABLE `tupoksis` (
  `id` bigint unsigned NOT NULL AUTO_INCREMENT,
  `office_id` bigint unsigned NOT NULL,
  `body` longtext COLLATE utf8mb4_unicode_ci NOT NULL,
  `created_at` timestamp NULL DEFAULT NULL,
  `updated_at` timestamp NULL DEFAULT NULL,
  PRIMARY KEY (`id`),
  KEY `tupoksis_office_id_foreign` (`office_id`),
  CONSTRAINT `tupoksis_office_id_foreign` FOREIGN KEY (`office_id`) REFERENCES `offices` (`id`) ON DELETE CASCADE ON UPDATE CASCADE
) ENGINE=InnoDB AUTO_INCREMENT=5 DEFAULT CHARSET=utf8mb4 COLLATE=utf8mb4_unicode_ci;

--
-- Dumping data for table `tupoksis`
--

INSERT INTO `tupoksis` VALUES (1,6,'<strong>Lorem Ipsum</strong> is simply dummy text of the printing and \r\ntypesetting industry. Lorem Ipsum has been the industry\'s standard dummy\r\n text ever since the 1500s, when an unknown printer took a galley of \r\ntype and scrambled it to make a type specimen book. It has survived not \r\nonly five centuries, but also the leap into electronic typesetting, \r\nremaining essentially unchanged. It was popularised in the 1960s with \r\nthe release of Letraset sheets containing Lorem Ipsum passages, and more\r\n recently with desktop publishing software like Aldus PageMaker \r\nincluding versions of Lorem Ipsum.','2024-08-31 06:41:04','2024-09-09 06:29:38'),(2,12,'<p><span style=\"color: rgb(34, 34, 34); font-family: &quot;Work Sans&quot;, sans-serif; font-size: 16px;\">1. Tugas</span><br style=\"color: rgb(34, 34, 34); font-family: &quot;Work Sans&quot;, sans-serif; font-size: 16px;\"></p><p style=\"margin-bottom: 20px; color: rgb(34, 34, 34); font-family: &quot;Work Sans&quot;, sans-serif; font-size: 16px;\">Dinas Penanaman Modal dan Pelayanan Terpadu Satu Pintu mempunyai tugas melaksanakan urusan Pemerintahan Bidang Penanaman Modal dan Pelayanan Terpadu Satu Pintu yang menjadi kewenangan daerah.</p><p><span style=\"color: rgb(34, 34, 34); font-family: &quot;Work Sans&quot;, sans-serif; font-size: 16px;\">2. Fungsi</span><br style=\"color: rgb(34, 34, 34); font-family: &quot;Work Sans&quot;, sans-serif; font-size: 16px;\"><span style=\"color: rgb(34, 34, 34); font-family: &quot;Work Sans&quot;, sans-serif; font-size: 16px;\">Untuk melaksanakan tugas, DPMPTSP menyelenggarakan fungsi :</span><br style=\"color: rgb(34, 34, 34); font-family: &quot;Work Sans&quot;, sans-serif; font-size: 16px;\"></p><ul style=\"color: rgb(34, 34, 34); font-family: &quot;Work Sans&quot;, sans-serif; font-size: 16px;\"><li>Merumuskan kebijakan teknis koordinasi teknis dan tugas-tugas lain yang diserahkan atau dilimpahkan oleh Bupati sesuai dengan ketentuan Perundang-undangan;</li><li>Menyelenggarakan pelayanan teknis, pelayanan administrasi, dan pelayanan informasi penanaman modal dan investasi serta promosidi dalam dan luar negeri;</li><li>Menetapkan besarnya pajak dan retribusi daerah dibidang perizinan usaha;</li><li>Menyelenggarakan pelayanan teknis, pelayanan administrasi serta pelayanan informasi perizinan dan non perizinan;</li><li>Menyelenggarakan pelayanan teknis, pelayanan administrasi serta melaksanakan evaluasi dan survey indeks kepuasan pelayanan penanaman modal, pelayanan perizinan dan non perizinan;</li><li>Menyelenggarakan urusan ketatalaksanaan, kerumahtanggaan, perlengkapan, kepegawaian dan keuangan dinas; dan</li><li>Melaksanakan tugas lain yang diberikan oleh Bupati sesuai dengan tugas dan fungsinya.</li></ul>','2024-10-22 01:33:35','2024-10-22 01:33:35'),(3,15,'<p></p><div style=\"text-align: justify;\"><span class=\"fontstyle0\"><span style=\"font-family: &quot;Times New Roman&quot;;\">TUGAS DAN FUNGSI</span><br><span style=\"font-family: &quot;Times New Roman&quot;;\">Bagian Kesatu</span><br><span style=\"font-family: &quot;Times New Roman&quot;;\">Kepala Dinas</span><br><span style=\"font-family: &quot;Times New Roman&quot;;\">Pasal 4</span><br></span><span class=\"fontstyle2\"><span style=\"font-family: &quot;Times New Roman&quot;;\">(1) Kepala Dinas Transmigrasi dan Tenaga Kerja, melaksanakan Tugas membantu</span><br><span style=\"font-family: &quot;Times New Roman&quot;;\">Bupati dalam melaksanakan kewenangan desentralisasi dan dekonsentrasi di</span><br><span style=\"font-family: &quot;Times New Roman&quot;;\">bidang ketenagakerjaan dan ketransmigrasian sesuai dengan kebijaksanaan</span><br><span style=\"font-family: &quot;Times New Roman&quot;;\">yang ditetapkan berdasarkan peraturan perundang-undangan.</span><br><span style=\"font-family: &quot;Times New Roman&quot;;\">(2) Dalam melaksanakan tugas sebagaimana dimaksud pada ayat (1), Kepala</span><br><span style=\"font-family: &quot;Times New Roman&quot;;\">Dinas Transmigrasi dan Tenaga Kerja menyelenggarakan fungsi :</span></span><br><span class=\"fontstyle2\"><span style=\"font-family: &quot;Times New Roman&quot;;\">a. perumusan kebijakan teknis di bidang ketenagakerjaan dan</span><br><span style=\"font-family: &quot;Times New Roman&quot;;\">ketransmigrasian sesuai kebijaksanaan yang ditetapkan oleh Bupati</span><br><span style=\"font-family: &quot;Times New Roman&quot;;\">berdasarkan peraturan perundang-undangan;</span><br><span style=\"font-family: &quot;Times New Roman&quot;;\">b. perencanaan pengembangan dan menggali sumber-sumber dalam rangka</span><br><span style=\"font-family: &quot;Times New Roman&quot;;\">pemberdayaan potensi ketenagakerjaan dan ketransmigrasian;</span><br><span style=\"font-family: &quot;Times New Roman&quot;;\">c. pelaksanaan kesekretariatan dinas;</span><br><span style=\"font-family: &quot;Times New Roman&quot;;\">d. penetapan kebijakan teknis dinas sesuai dengan kebijakan umum</span><br><span style=\"font-family: &quot;Times New Roman&quot;;\">pemerintahan dan pelayanan umum bidang tenaga kerja;</span><br><span style=\"font-family: &quot;Times New Roman&quot;;\">e. pengoordinasian pelaksanaan kegiatan yang berkaitan dengan</span><br><span style=\"font-family: &quot;Times New Roman&quot;;\">penyelesaian <span style=\"font-family: &quot;Times New Roman&quot;;\">masal</span></span><span style=\"font-family: &quot;Times New Roman&quot;;\">ah ketenagakerjaan dan ketransmigrasian;</span><br><span style=\"font-family: &quot;Times New Roman&quot;;\">f. pelaksanaan pembinaan kebijaksanaan ketenagakerjaan dan</span><br><span style=\"font-family: &quot;Times New Roman&quot;;\">ketransmigrasian, di bidang pelatihan berdasarkan klaster kompetensi dan</span><br><span style=\"font-family: &quot;Times New Roman&quot;;\">penempatan tenaga kerja, hubungan industrial dan jaminan sosial tenaga</span><br><span style=\"font-family: &quot;Times New Roman&quot;;\">kerja, pengawasan ketenagakerjaan dan ketransmigrasian dan UPTD;</span><br><span style=\"font-family: &quot;Times New Roman&quot;;\">g. pelaksanaan pembinaan fasilitasi bidang ketenagakerjaan dan</span><br><span style=\"font-family: &quot;Times New Roman&quot;;\">ketransmigrasian;</span><br><span style=\"font-family: &quot;Times New Roman&quot;;\">h. pelaksanaan pengawa</span><span style=\"font-family: &quot;Times New Roman&quot;;\">san norma ketenagakerjaan dan ketransmigrasian,</span><br><span style=\"font-family: &quot;Times New Roman&quot;;\">Informasi ketenagakerjaan, pemeriksaan kepatuhan dan pengujian</span><br><span style=\"font-family: &quot;Times New Roman&quot;;\">kepatuhan norma ketenagakerjaan dan ketransmigrasian kepada</span><br><span style=\"font-family: &quot;Times New Roman&quot;;\">perusahaan dan pekerja;</span><br><span style=\"font-family: &quot;Times New Roman&quot;;\">i. penyelenggaraan pelaksanaan pelayanan Antar Kerja Lintas Daerah,</span><br><span style=\"font-family: &quot;Times New Roman&quot;;\">penerbitan Izin Lembaga Penempatan Tenaga Kerja Swasta (LPTKS),</span><br><span style=\"font-family: &quot;Times New Roman&quot;;\">pengelolaan Informasi Pasar Kerja, perlindungan Tenaga Kerja Indonesia</span><br><span style=\"font-family: &quot;Times New Roman&quot;;\">(TKI), pengesahan Rencana Penggunaan Tenaga Kerja Asing (RPTKA),</span><br><span style=\"font-family: &quot;Times New Roman&quot;;\">perpanjangan, dan penerbitan perpanjangan Izin Menggunakan Tenaga</span><br><span style=\"font-family: &quot;Times New Roman&quot;;\">Kerja Asing (IMTA);</span><br><span style=\"font-family: &quot;Times New Roman&quot;;\">j. pelaksaaan pengesahan peraturan Perusahaan (PP) dan pendaftaran</span><br><span style=\"font-family: &quot;Times New Roman&quot;;\">perjanjian kerja bersama (PKB), Pencegahan dan Penyelesaian Perselisihan</span><br><span style=\"font-family: &quot;Times New Roman&quot;;\">Hubungan Industrial, mogok kerja dan penutupan Perusahaan yang</span><br><span style=\"font-family: &quot;Times New Roman&quot;;\">berakibat/berdampak pada kepentingan, dan penetapan Upah Minimum</span><br><span style=\"font-family: &quot;Times New Roman&quot;;\">Kabupaten (UMK) dan Upah Minimum Sektoral Kabupaten (UMSK);</span><br><span style=\"font-family: &quot;Times New Roman&quot;;\">k. pelaksanaan kepesertaan </span></span><span class=\"fontstyle2\" style=\"color: rgb(32, 33, 36); font-family: &quot;Times New Roman&quot;;\">Badan Penyelenggaraan Jaminan Sosial </span><span class=\"fontstyle2\"><span style=\"font-family: &quot;Times New Roman&quot;;\">(BPJS)</span><br><span style=\"font-family: &quot;Times New Roman&quot;;\">dan jaminan sosial tenaga kerja;</span><br><span style=\"font-family: &quot;Times New Roman&quot;;\">l. pembinaan hubungan industrial dan jaminan sosial tenaga kerja dan</span><br><span style=\"font-family: &quot;Times New Roman&quot;;\">pembinaan hubungan industrial dan persyaratan kerja;</span><br><span style=\"font-family: &quot;Times New Roman&quot;;\">m. pelaksanaan penyelesaian perselisihan hubungan industrial;</span><br><span style=\"font-family: &quot;Times New Roman&quot;;\">n. pelaksanaan penegakan hukum ketenagakerjaan dan ketransmigrasian;</span><br><span style=\"font-family: &quot;Times New Roman&quot;;\">o. pelaksanaan kegiatan pelatihan berbasis kompetensi dan produktivitas;</span><br><span style=\"font-family: &quot;Times New Roman&quot;;\">dan</span><br><span style=\"font-family: &quot;Times New Roman&quot;;\">p. pembinaan pengawasan, pengendalian, monitoring, evaluasi dan pelaporan</span><br><span style=\"font-family: &quot;Times New Roman&quot;;\">penyelenggaraan tugas dan fungsi Dinas Transmigrasi dan Tenaga Kerja.</span><br><span style=\"font-family: &quot;Times New Roman&quot;;\">(3) Dalam melaksanakan tugas sebagaimana dimaksud pada ayat (1) Kepala</span><br><span style=\"font-family: &quot;Times New Roman&quot;;\">Dinas Transmigrasi dan Tenaga Kerja, dibantu oleh&nbsp;</span></span><span style=\"text-align: left; font-family: &quot;Times New Roman&quot;;\">Sekretariat, Bidang,</span><br style=\"font-variant-numeric: normal; font-variant-east-asian: normal; font-variant-alternates: normal; font-variant-position: normal; line-height: normal; text-align: -webkit-auto; text-size-adjust: auto;\"></div><span class=\"fontstyle0\" style=\"font-family: &quot;Times New Roman&quot;;\">Subbagian, Seksi dan UPTD serta Jabatan Fungsional.</span> \r\n<br style=\"font-variant-numeric: normal; font-variant-east-asian: normal; font-variant-alternates: normal; font-variant-position: normal; line-height: normal; text-align: -webkit-auto; text-size-adjust: auto;\"><p></p>','2024-11-11 03:49:03','2024-11-11 03:49:03'),(4,17,'<p class=\"MsoNormal\" style=\"margin-bottom:0cm;text-align:justify;text-indent:\r\n1.0cm;line-height:normal\">BPBD Kabupaten Murung merupakan lembaga teknis daerah\r\nyang berada di bawah serta bertanggung jawab kepada Kepala Daerah dalam hal ini\r\nBupati Kabupaten Murung Raya dan secara fungsional dibina oleh Badan Nasional\r\nPenanggulangan Bencana (BNPB) dengan Tupoksi Sebagai Berikut :</p><p style=\"border: 0px; font-variant-numeric: inherit; font-variant-east-asian: inherit; font-variant-alternates: inherit; font-variant-position: inherit; font-variant-emoji: inherit; font-stretch: inherit; line-height: 1.6; font-family: &quot;Open Sans&quot;, serif; font-optical-sizing: inherit; font-size-adjust: inherit; font-kerning: inherit; font-feature-settings: inherit; font-variation-settings: inherit; font-size: 15px; margin-right: 0px; margin-bottom: 15px; margin-left: 0px; outline: 0px; padding: 0px; vertical-align: baseline; color: rgb(204, 204, 204); background-color: rgb(26, 26, 26);\">1. Menetapkan pedoman dan pengarahan terhadap usaha penanggulangan bencana yang mencakup pencegahan bencana, penanganan darurat, rehabilitasi serta rekontruksi secara adil dan setara.</p><p style=\"border: 0px; font-variant-numeric: inherit; font-variant-east-asian: inherit; font-variant-alternates: inherit; font-variant-position: inherit; font-variant-emoji: inherit; font-stretch: inherit; line-height: 1.6; font-family: &quot;Open Sans&quot;, serif; font-optical-sizing: inherit; font-size-adjust: inherit; font-kerning: inherit; font-feature-settings: inherit; font-variation-settings: inherit; font-size: 15px; margin-right: 0px; margin-bottom: 15px; margin-left: 0px; outline: 0px; padding: 0px; vertical-align: baseline; color: rgb(204, 204, 204); background-color: rgb(26, 26, 26);\">2. Menetapkan standarisasi serta kebutuhan penyelenggaraan penanggulangan bencana berdasarkan peraturan perundang-undangan;</p><p style=\"border: 0px; font-variant-numeric: inherit; font-variant-east-asian: inherit; font-variant-alternates: inherit; font-variant-position: inherit; font-variant-emoji: inherit; font-stretch: inherit; line-height: 1.6; font-family: &quot;Open Sans&quot;, serif; font-optical-sizing: inherit; font-size-adjust: inherit; font-kerning: inherit; font-feature-settings: inherit; font-variation-settings: inherit; font-size: 15px; margin-right: 0px; margin-bottom: 15px; margin-left: 0px; outline: 0px; padding: 0px; vertical-align: baseline; color: rgb(204, 204, 204); background-color: rgb(26, 26, 26);\">3. Menyusun, menetapkan dan menginformasikan peta rawan bencana;</p><p style=\"border: 0px; font-variant-numeric: inherit; font-variant-east-asian: inherit; font-variant-alternates: inherit; font-variant-position: inherit; font-variant-emoji: inherit; font-stretch: inherit; line-height: 1.6; font-family: &quot;Open Sans&quot;, serif; font-optical-sizing: inherit; font-size-adjust: inherit; font-kerning: inherit; font-feature-settings: inherit; font-variation-settings: inherit; font-size: 15px; margin-right: 0px; margin-bottom: 15px; margin-left: 0px; outline: 0px; padding: 0px; vertical-align: baseline; color: rgb(204, 204, 204); background-color: rgb(26, 26, 26);\">4. Menyusun, menetapkan prosedur tetap penanggulangan bencana;</p><p style=\"border: 0px; font-variant-numeric: inherit; font-variant-east-asian: inherit; font-variant-alternates: inherit; font-variant-position: inherit; font-variant-emoji: inherit; font-stretch: inherit; line-height: 1.6; font-family: &quot;Open Sans&quot;, serif; font-optical-sizing: inherit; font-size-adjust: inherit; font-kerning: inherit; font-feature-settings: inherit; font-variation-settings: inherit; font-size: 15px; margin-right: 0px; margin-bottom: 15px; margin-left: 0px; outline: 0px; padding: 0px; vertical-align: baseline; color: rgb(204, 204, 204); background-color: rgb(26, 26, 26);\">5. Melaporkan penyelenggaraan penanggulangan bencana kepada Kepala Daerah setiap sebulan sekali dalam kondisi normal dan setiap saat dalam kondisi darurat bencana;</p><p style=\"border: 0px; font-variant-numeric: inherit; font-variant-east-asian: inherit; font-variant-alternates: inherit; font-variant-position: inherit; font-variant-emoji: inherit; font-stretch: inherit; line-height: 1.6; font-family: &quot;Open Sans&quot;, serif; font-optical-sizing: inherit; font-size-adjust: inherit; font-kerning: inherit; font-feature-settings: inherit; font-variation-settings: inherit; font-size: 15px; margin-right: 0px; margin-bottom: 15px; margin-left: 0px; outline: 0px; padding: 0px; vertical-align: baseline; color: rgb(204, 204, 204); background-color: rgb(26, 26, 26);\">6. Mengendalikan pengumpulan dan penyaluran uang dan barang;</p><p style=\"border: 0px; font-variant-numeric: inherit; font-variant-east-asian: inherit; font-variant-alternates: inherit; font-variant-position: inherit; font-variant-emoji: inherit; font-stretch: inherit; line-height: 1.6; font-family: &quot;Open Sans&quot;, serif; font-optical-sizing: inherit; font-size-adjust: inherit; font-kerning: inherit; font-feature-settings: inherit; font-variation-settings: inherit; font-size: 15px; margin-right: 0px; margin-bottom: 15px; margin-left: 0px; outline: 0px; padding: 0px; vertical-align: baseline; color: rgb(204, 204, 204); background-color: rgb(26, 26, 26);\">7. Melaksanakan penyelenggaraan penanggulangan bencana di daerah;</p><p style=\"border: 0px; font-variant-numeric: inherit; font-variant-east-asian: inherit; font-variant-alternates: inherit; font-variant-position: inherit; font-variant-emoji: inherit; font-stretch: inherit; line-height: 1.6; font-family: &quot;Open Sans&quot;, serif; font-optical-sizing: inherit; font-size-adjust: inherit; font-kerning: inherit; font-feature-settings: inherit; font-variation-settings: inherit; font-size: 15px; margin-right: 0px; margin-bottom: 15px; margin-left: 0px; outline: 0px; padding: 0px; vertical-align: baseline; color: rgb(204, 204, 204); background-color: rgb(26, 26, 26);\">8. Mempertanggungjawabkan penggunaan anggaran yang diterima dari Anggaran Pendapatan dan Belanja Daerah; dan</p><p style=\"border: 0px; font-variant-numeric: inherit; font-variant-east-asian: inherit; font-variant-alternates: inherit; font-variant-position: inherit; font-variant-emoji: inherit; font-stretch: inherit; line-height: 1.6; font-family: &quot;Open Sans&quot;, serif; font-optical-sizing: inherit; font-size-adjust: inherit; font-kerning: inherit; font-feature-settings: inherit; font-variation-settings: inherit; font-size: 15px; margin-right: 0px; margin-bottom: 15px; margin-left: 0px; outline: 0px; padding: 0px; vertical-align: baseline; color: rgb(204, 204, 204); background-color: rgb(26, 26, 26);\">9. Melaksanakan kewajiban lain sesuai dengan perundang-undangan</p>','2024-12-03 05:16:51','2024-12-04 02:42:28');

--
-- Table structure for table `video_galleries`
--

CREATE TABLE `video_galleries` (
  `id` bigint unsigned NOT NULL AUTO_INCREMENT,
  `office_id` bigint unsigned NOT NULL,
  `link` varchar(255) COLLATE utf8mb4_unicode_ci NOT NULL,
  `show_tapinkab` int NOT NULL DEFAULT '0',
  `created_at` timestamp NULL DEFAULT NULL,
  `updated_at` timestamp NULL DEFAULT NULL,
  `status_live` int NOT NULL,
  `judul` varchar(255) COLLATE utf8mb4_unicode_ci DEFAULT NULL,
  PRIMARY KEY (`id`),
  KEY `video_galleries_office_id_foreign` (`office_id`),
  CONSTRAINT `video_galleries_office_id_foreign` FOREIGN KEY (`office_id`) REFERENCES `offices` (`id`) ON DELETE CASCADE ON UPDATE CASCADE
) ENGINE=InnoDB AUTO_INCREMENT=4 DEFAULT CHARSET=utf8mb4 COLLATE=utf8mb4_unicode_ci;

--
-- Dumping data for table `video_galleries`
--

INSERT INTO `video_galleries` VALUES (1,6,'zzEnDTts5Ts?si=7qvE6rOdTfv7aHOM',1,'2024-08-31 06:28:29','2024-09-20 03:11:09',0,'UCAPAN HUT KE-79 RI || PENJABAT SEKRETARIS DAERAH MURUNG RAYA, RUDIE ROY, S.STP');

--
-- Table structure for table `visi_misis`
--

CREATE TABLE `visi_misis` (
  `id` bigint unsigned NOT NULL AUTO_INCREMENT,
  `office_id` bigint unsigned NOT NULL,
  `body` longtext COLLATE utf8mb4_unicode_ci NOT NULL,
  `created_at` timestamp NULL DEFAULT NULL,
  `updated_at` timestamp NULL DEFAULT NULL,
  PRIMARY KEY (`id`),
  KEY `visi_misis_office_id_foreign` (`office_id`),
  CONSTRAINT `visi_misis_office_id_foreign` FOREIGN KEY (`office_id`) REFERENCES `offices` (`id`) ON DELETE CASCADE ON UPDATE CASCADE
) ENGINE=InnoDB AUTO_INCREMENT=5 DEFAULT CHARSET=utf8mb4 COLLATE=utf8mb4_unicode_ci;

--
-- Dumping data for table `visi_misis`
--

INSERT INTO `visi_misis` VALUES (1,6,'<h4 class=\"MsoNormal\" align=\"center\"><b><span lang=\"IT\" style=\"mso-ansi-language:IT\">VISI</span></b><br>\r\n</h4><h5 align=\"center\"><b><i><span lang=\"IT\" style=\"mso-ansi-language:IT\">“TERWUJUDNYA MASYARAKAT MURUNG\r\nRAYA YANG SEJAHTERA DAN BERMARTABAT MELALUI PEMBANGUNAN BERBASIS PEDESEAAN\r\nMENUJU MURUNG RAYA EMAS TAHUN 2030”</span></i></b></h5>\r\n\r\n<p class=\"MsoNormal\" align=\"center\">&nbsp;</p>\r\n\r\n<h4 align=\"center\"><b>MISI</b></h4><h5 class=\"MsoNormal\" align=\"center\">\r\n<b><i><span lang=\"IT\" style=\"mso-ansi-language:IT\">\"MENCIPTAKAN REFORMASI\r\nBIROKRASI PEMERINTAHAN DAN MENINGKATKAN KESADARAN HUKUM, KERUKUNAN BERAGAMA,\r\nKEHIDUPAN SOCIAL BUDAYA DAN POLITIK YANG DEMOKRATIS&nbsp; BERBASIS KEARIFAN\r\nLOKAL\"</span></i></b> <br></h5>\r\n\r\n\r\n\r\n\r\n\r\n<style>@font-face\r\n	{font-family:\"Cambria Math\";\r\n	panose-1:2 4 5 3 5 4 6 3 2 4;\r\n	mso-font-charset:0;\r\n	mso-generic-font-family:roman;\r\n	mso-font-pitch:variable;\r\n	mso-font-signature:-536870145 1107305727 0 0 415 0;}@font-face\r\n	{font-family:Aptos;\r\n	panose-1:2 11 0 4 2 2 2 2 2 4;\r\n	mso-font-charset:0;\r\n	mso-generic-font-family:swiss;\r\n	mso-font-pitch:variable;\r\n	mso-font-signature:536871559 3 0 0 415 0;}p.MsoNormal, li.MsoNormal, div.MsoNormal\r\n	{mso-style-unhide:no;\r\n	mso-style-qformat:yes;\r\n	mso-style-parent:\"\";\r\n	margin:0cm;\r\n	mso-pagination:widow-orphan;\r\n	font-size:12.0pt;\r\n	font-family:\"Aptos\",sans-serif;\r\n	mso-ascii-font-family:Aptos;\r\n	mso-ascii-theme-font:minor-latin;\r\n	mso-fareast-font-family:Aptos;\r\n	mso-fareast-theme-font:minor-latin;\r\n	mso-hansi-font-family:Aptos;\r\n	mso-hansi-theme-font:minor-latin;\r\n	mso-bidi-font-family:\"Times New Roman\";\r\n	mso-bidi-theme-font:minor-bidi;\r\n	mso-font-kerning:1.0pt;\r\n	mso-ligatures:standardcontextual;}.MsoChpDefault\r\n	{mso-style-type:export-only;\r\n	mso-default-props:yes;\r\n	mso-ascii-font-family:Aptos;\r\n	mso-ascii-theme-font:minor-latin;\r\n	mso-fareast-font-family:Aptos;\r\n	mso-fareast-theme-font:minor-latin;\r\n	mso-hansi-font-family:Aptos;\r\n	mso-hansi-theme-font:minor-latin;\r\n	mso-bidi-font-family:\"Times New Roman\";\r\n	mso-bidi-theme-font:minor-bidi;}div.WordSection1\r\n	{page:WordSection1;}</style>','2024-08-31 06:40:38','2024-09-09 06:34:56'),(2,12,'<div><font color=\"#222222\" face=\"Work Sans, sans-serif\"><span style=\"font-size: 16px;\"><font style=\"vertical-align: inherit;\"><font style=\"vertical-align: inherit;\">&nbsp; &nbsp; &nbsp; &nbsp; &nbsp; &nbsp; &nbsp; &nbsp; &nbsp; &nbsp; &nbsp; &nbsp; &nbsp; &nbsp; &nbsp; &nbsp; &nbsp; &nbsp; &nbsp; &nbsp; <b><font style=\"vertical-align: inherit;\"><font style=\"vertical-align: inherit;\"><font style=\"vertical-align: inherit;\"><font style=\"vertical-align: inherit;\">&nbsp;MISI</font></font></font></font></b></font></font></span></font></div><ul style=\"color: rgb(34, 34, 34); font-family: \" work=\"\" sans\",=\"\" sans-serif;=\"\" font-size:=\"\" 16px;\"=\"\"><li><font style=\"vertical-align: inherit;\"><font style=\"vertical-align: inherit;\"><font style=\"vertical-align: inherit;\"><font style=\"vertical-align: inherit;\"><font style=\"vertical-align: inherit;\"><font style=\"vertical-align: inherit;\"><font style=\"vertical-align: inherit;\"><font style=\"vertical-align: inherit;\"><font style=\"vertical-align: inherit;\">Meningkatkan potensi, promosi dan kerjasama penanaman modal;</font></font></font></font></font></font></font></font></font></li><li><font style=\"vertical-align: inherit;\"><font style=\"vertical-align: inherit;\"><font style=\"vertical-align: inherit;\"><font style=\"vertical-align: inherit;\"><font style=\"vertical-align: inherit;\"><font style=\"vertical-align: inherit;\"><font style=\"vertical-align: inherit;\">Menjelaskan kualitas sistem informasi penanaman modal dan pelayanan perizinan;</font></font></font></font></font></font></font></li><li><font style=\"vertical-align: inherit;\"><font style=\"vertical-align: inherit;\"><font style=\"vertical-align: inherit;\"><font style=\"vertical-align: inherit;\"><font style=\"vertical-align: inherit;\"><font style=\"vertical-align: inherit;\"><font style=\"vertical-align: inherit;\">Meningkatkan profesionalisme pelayanan perizinan;</font></font></font></font></font></font></font></li><li><font style=\"vertical-align: inherit;\"><font style=\"vertical-align: inherit;\"><font style=\"vertical-align: inherit;\"><font style=\"vertical-align: inherit;\"><font style=\"vertical-align: inherit;\"><font style=\"vertical-align: inherit;\"><font style=\"vertical-align: inherit;\">Meningkatkan kualitas aparatur, sarana prasarana dan tertib administrasi.</font></font></font></font></font></font></font></li></ul><p><br></p><p><font style=\"vertical-align: inherit;\"><font style=\"vertical-align: inherit;\">&nbsp; &nbsp; &nbsp; &nbsp; &nbsp; &nbsp; &nbsp; &nbsp; &nbsp; &nbsp; &nbsp; &nbsp; &nbsp; &nbsp; &nbsp; &nbsp; &nbsp; &nbsp; &nbsp; &nbsp; &nbsp;<font style=\"vertical-align: inherit;\"><font style=\"vertical-align: inherit;\"><font style=\"vertical-align: inherit;\"><font style=\"vertical-align: inherit;\"><b>&nbsp; &nbsp; &nbsp; &nbsp; &nbsp; &nbsp;</b> VISI</font></font></font></font></font></font></p><p><font style=\"vertical-align: inherit;\"><font style=\"vertical-align: inherit;\"><span style=\"color: rgb(34, 34, 34); font-family: \" work=\"\" sans\",=\"\" sans-serif;=\"\" font-size:=\"\" 16px;\"=\"\"><font style=\"vertical-align: inherit;\"><font style=\"vertical-align: inherit;\"><font style=\"vertical-align: inherit;\"><font style=\"vertical-align: inherit;\">Terintegrasinya Penyelenggaraan Penanaman Modal dan Pelayanan Perizinan Terpadu Berbasiskan Pelayanan Prima Menuju Murung Raya Emas Tahun 2030”</font></font></font></font></span><b><br></b></font></font></p>','2024-10-22 01:50:39','2024-10-22 01:53:46'),(3,15,'<h4 style=\"text-align: center; \"><font color=\"#4a7b8c\"><b><span style=\"font-family: Verdana;\">VISI</span></b></font></h4><h5 style=\"text-align: center;\"><span style=\"font-family: Verdana; font-weight: normal;\">Mewujudkan Prioritas Pembangunan Bidang Ketenagakerjaan Yang Disebut Dengan Nawa Kerja Ketenagakerjaan.</span></h5><h4 style=\"text-align: center; \"><font color=\"#4a7b8c\" style=\"\"><span style=\"font-family: Verdana;\">MISI</span></font></h4><ol><li><span style=\"font-family: Verdana;\">Terciptanya kesempatan mengikuti pelatihan dan keterampilan ketenagakerjaan yang berkualitas dan produktif sesuai dengan kebutuhan pasar kerja;</span></li><li><span style=\"font-family: Verdana;\">Terciptanya peluang kesempatan kerja dan penempatan tenaga kerja yang semakin merata;</span></li><li><span style=\"font-family: Verdana;\">Meningkatnya daya saing angkatan kerja;</span></li><li><span style=\"font-family: Verdana;\">Meningkatnya kualitas tenaga kerja;</span></li><li><span style=\"font-family: Verdana;\">Terciptanya keharmonisan Hubungan Industrial dan jaminan sosial ketenagakerjaan;</span></li><li><span style=\"font-family: Verdana;\">Terciptanya kawasan Imigrasi yang produktif, maju dan mandiri;</span></li><li><span style=\"font-family: Verdana;\">Mewujudkan akuntabilitas anggaran;</span></li><li><span style=\"font-family: Verdana;\">Meningkatnya kualitas pelayanan internal organisasi.</span></li></ol><h5 style=\"text-align: center;\"></h5><h4 style=\"text-align: center;\"><span style=\"font-family: Verdana; color: rgb(74, 123, 140); font-size: 1.5rem;\">MOTO</span></h4><span style=\"font-family: Verdana;\"><h5 style=\"text-align: center;\"><b>KERJA NYATA (Kerja Terampil Nyaman dan Sejahtera)</b></h5></span><h4 style=\"text-align: center; \"><font color=\"#4a7b8c\" style=\"\"><span style=\"font-family: \" times=\"\" new=\"\" roman\";\"=\"\"></span></font></h4><p><br></p>','2024-11-05 02:04:57','2024-11-05 02:53:33'),(4,17,'<p>INI ADALAH VISI MISI<br></p>','2024-12-03 04:54:19','2024-12-03 04:54:19');

--
-- Table structure for table `visitors`
--

CREATE TABLE `visitors` (
  `id` bigint unsigned NOT NULL AUTO_INCREMENT,
  `ip_address` varchar(255) COLLATE utf8mb4_unicode_ci NOT NULL,
  `user_agent` varchar(255) COLLATE utf8mb4_unicode_ci DEFAULT NULL,
  `visit_time` varchar(255) COLLATE utf8mb4_unicode_ci NOT NULL,
  `method` varchar(255) COLLATE utf8mb4_unicode_ci DEFAULT NULL,
  `page_visited` varchar(255) COLLATE utf8mb4_unicode_ci DEFAULT NULL,
  `is_logged_in` int DEFAULT NULL,
  `created_at` timestamp NULL DEFAULT NULL,
  `updated_at` timestamp NULL DEFAULT NULL,
  PRIMARY KEY (`id`)
) ENGINE=InnoDB DEFAULT CHARSET=utf8mb4 COLLATE=utf8mb4_unicode_ci;

--
-- Dumping data for table `visitors`
--



